{"id":358086,"date":"2025-08-12T17:22:05","date_gmt":"2025-08-12T15:22:05","guid":{"rendered":"https:\/\/gajos.sk\/eshop\/p\/l-sure-sylvia-lady-vesta\/"},"modified":"2026-05-07T21:40:28","modified_gmt":"2026-05-07T19:40:28","slug":"l-sure-sylvia-lady-vesta","status":"publish","type":"product","link":"https:\/\/gajos.sk\/eshop\/p\/l-sure-sylvia-lady-vesta\/","title":{"rendered":"L-SURE SYLVIA LADY vesta"},"content":{"rendered":"","protected":false},"excerpt":{"rendered":"<p>\u2022 d\u00e1msk\u00e1 volno\u010dasov\u00e1 zateplen\u00e1 vesta \u2022 zap\u00edn\u00e1n\u00ed na zip \u2022 2 bo\u010dn\u00ed kapsy na zip \u2022 1 n\u00e1prsn\u00ed kapsa na zip<\/p>\n","protected":false},"featured_media":358088,"template":"","meta":{"_acf_changed":false,"inline_featured_image":false},"product_brand":[],"product_cat":[2160,2161,2121],"product_tag":[1179],"class_list":{"0":"post-358086","1":"product","2":"type-product","3":"status-publish","4":"has-post-thumbnail","6":"product_cat-mikiny-svetre-vesty","7":"product_cat-vesty","8":"product_cat-odevy","9":"product_tag-cerva","10":"pa_farba-olivova","11":"pa_farba-cierna","12":"pa_velkost-s","13":"pa_velkost-3xl","14":"pa_velkost-xxl","15":"pa_velkost-4xl","16":"pa_velkost-xs","17":"pa_velkost-xl","18":"pa_velkost-l","19":"pa_velkost-m","21":"first","22":"instock","23":"taxable","24":"shipping-taxable","25":"purchasable","26":"product-type-variable"},"acf":[],"_links":{"self":[{"href":"https:\/\/gajos.sk\/eshop\/wp-json\/wp\/v2\/product\/358086","targetHints":{"allow":["GET"]}}],"collection":[{"href":"https:\/\/gajos.sk\/eshop\/wp-json\/wp\/v2\/product"}],"about":[{"href":"https:\/\/gajos.sk\/eshop\/wp-json\/wp\/v2\/types\/product"}],"wp:featuredmedia":[{"embeddable":true,"href":"https:\/\/gajos.sk\/eshop\/wp-json\/wp\/v2\/media\/358088"}],"wp:attachment":[{"href":"https:\/\/gajos.sk\/eshop\/wp-json\/wp\/v2\/media?parent=358086"}],"wp:term":[{"taxonomy":"product_brand","embeddable":true,"href":"https:\/\/gajos.sk\/eshop\/wp-json\/wp\/v2\/product_brand?post=358086"},{"taxonomy":"product_cat","embeddable":true,"href":"https:\/\/gajos.sk\/eshop\/wp-json\/wp\/v2\/product_cat?post=358086"},{"taxonomy":"product_tag","embeddable":true,"href":"https:\/\/gajos.sk\/eshop\/wp-json\/wp\/v2\/product_tag?post=358086"}],"curies":[{"name":"wp","href":"https:\/\/api.w.org\/{rel}","templated":true}]}}