{"id":356825,"date":"2025-01-22T17:01:43","date_gmt":"2025-01-22T16:01:43","guid":{"rendered":"https:\/\/gajos.sk\/eshop\/p\/tanager-bllistr-rukavice\/"},"modified":"2026-04-25T21:03:28","modified_gmt":"2026-04-25T19:03:28","slug":"tanager-bllistr-rukavice","status":"publish","type":"product","link":"https:\/\/gajos.sk\/eshop\/p\/tanager-bllistr-rukavice\/","title":{"rendered":"TANAGER bllistr rukavice"},"content":{"rendered":"","protected":false},"excerpt":{"rendered":"<p>\u2022 \u013eahk\u00e9 rukavice zo syntetickej ko\u017ee (mikrovl\u00e1kno) na dlani a \u010dierneho polyesteru na chrbte \u2022 maj\u00fa vynikaj\u00face mechanick\u00e9 vlastnosti, s\u00fa pohodln\u00e9, priedu\u0161n\u00e9 a pru\u017en\u00e9<\/p>\n","protected":false},"featured_media":356827,"template":"","meta":{"_acf_changed":false,"inline_featured_image":false},"product_brand":[],"product_cat":[2150,2124],"product_tag":[1179],"class_list":{"0":"post-356825","1":"product","2":"type-product","3":"status-publish","4":"has-post-thumbnail","6":"product_cat-kozene-kombinovane","7":"product_cat-rukavice","8":"product_tag-cerva","9":"pa_velkost-3050","10":"pa_velkost-3051","11":"pa_velkost-3052","12":"pa_velkost-3057","13":"pa_velkost-3058","15":"first","16":"instock","17":"taxable","18":"shipping-taxable","19":"purchasable","20":"product-type-variable"},"acf":[],"_links":{"self":[{"href":"https:\/\/gajos.sk\/eshop\/wp-json\/wp\/v2\/product\/356825","targetHints":{"allow":["GET"]}}],"collection":[{"href":"https:\/\/gajos.sk\/eshop\/wp-json\/wp\/v2\/product"}],"about":[{"href":"https:\/\/gajos.sk\/eshop\/wp-json\/wp\/v2\/types\/product"}],"wp:featuredmedia":[{"embeddable":true,"href":"https:\/\/gajos.sk\/eshop\/wp-json\/wp\/v2\/media\/356827"}],"wp:attachment":[{"href":"https:\/\/gajos.sk\/eshop\/wp-json\/wp\/v2\/media?parent=356825"}],"wp:term":[{"taxonomy":"product_brand","embeddable":true,"href":"https:\/\/gajos.sk\/eshop\/wp-json\/wp\/v2\/product_brand?post=356825"},{"taxonomy":"product_cat","embeddable":true,"href":"https:\/\/gajos.sk\/eshop\/wp-json\/wp\/v2\/product_cat?post=356825"},{"taxonomy":"product_tag","embeddable":true,"href":"https:\/\/gajos.sk\/eshop\/wp-json\/wp\/v2\/product_tag?post=356825"}],"curies":[{"name":"wp","href":"https:\/\/api.w.org\/{rel}","templated":true}]}}