{"id":356767,"date":"2025-01-10T18:08:58","date_gmt":"2025-01-10T17:08:58","guid":{"rendered":"https:\/\/gajos.sk\/eshop\/p\/emerton-s-stretch-nohavice\/"},"modified":"2026-05-06T21:46:57","modified_gmt":"2026-05-06T19:46:57","slug":"emerton-s-stretch-nohavice","status":"publish","type":"product","link":"https:\/\/gajos.sk\/eshop\/p\/emerton-s-stretch-nohavice\/","title":{"rendered":"EMERTON S-STRETCH nohavice"},"content":{"rendered":"","protected":false},"excerpt":{"rendered":"<p>\u2022 p\u00e1nske pracovn\u00e9 nohavice s elastick\u00fdm p\u00e1som \u2022 elastick\u00fd \u013eahk\u00fd materi\u00e1l s pohodln\u00fdm strihom \u2022 2 bo\u010dn\u00e9 vreck\u00e1 \u2022 2 stehenn\u00e9 vreck\u00e1 \u2022 2 zadn\u00e9 vreck\u00e1 \u2022 zosilnen\u00e9 kolen\u00e1 Oxford 600D \u2022 reflexn\u00e9 detaily \u2022 nastavite\u013en\u00e1 d\u013a\u017eka nohav\u00edc<\/p>\n","protected":false},"featured_media":356769,"template":"","meta":{"_acf_changed":false,"inline_featured_image":false},"product_brand":[],"product_cat":[2121,2127,2126],"product_tag":[1179],"class_list":{"0":"post-356767","1":"product","2":"type-product","3":"status-publish","4":"has-post-thumbnail","6":"product_cat-odevy","7":"product_cat-nohavice","8":"product_cat-nohavice-a-overaly","9":"product_tag-cerva","10":"pa_farba-cierna-siva","11":"pa_velkost-3174","12":"pa_velkost-3112","13":"pa_velkost-3175","14":"pa_velkost-3121","15":"pa_velkost-3123","16":"pa_velkost-3155","17":"pa_velkost-3157","18":"pa_velkost-3158","19":"pa_velkost-3159","20":"pa_velkost-3160","21":"pa_velkost-3161","22":"pa_velkost-3162","23":"pa_velkost-3110","25":"first","26":"instock","27":"taxable","28":"shipping-taxable","29":"purchasable","30":"product-type-variable"},"acf":[],"_links":{"self":[{"href":"https:\/\/gajos.sk\/eshop\/wp-json\/wp\/v2\/product\/356767","targetHints":{"allow":["GET"]}}],"collection":[{"href":"https:\/\/gajos.sk\/eshop\/wp-json\/wp\/v2\/product"}],"about":[{"href":"https:\/\/gajos.sk\/eshop\/wp-json\/wp\/v2\/types\/product"}],"wp:featuredmedia":[{"embeddable":true,"href":"https:\/\/gajos.sk\/eshop\/wp-json\/wp\/v2\/media\/356769"}],"wp:attachment":[{"href":"https:\/\/gajos.sk\/eshop\/wp-json\/wp\/v2\/media?parent=356767"}],"wp:term":[{"taxonomy":"product_brand","embeddable":true,"href":"https:\/\/gajos.sk\/eshop\/wp-json\/wp\/v2\/product_brand?post=356767"},{"taxonomy":"product_cat","embeddable":true,"href":"https:\/\/gajos.sk\/eshop\/wp-json\/wp\/v2\/product_cat?post=356767"},{"taxonomy":"product_tag","embeddable":true,"href":"https:\/\/gajos.sk\/eshop\/wp-json\/wp\/v2\/product_tag?post=356767"}],"curies":[{"name":"wp","href":"https:\/\/api.w.org\/{rel}","templated":true}]}}