{"id":356709,"date":"2025-01-09T18:10:55","date_gmt":"2025-01-09T17:10:55","guid":{"rendered":"https:\/\/gajos.sk\/eshop\/p\/emerton-stretch-sortky\/"},"modified":"2026-05-06T21:56:38","modified_gmt":"2026-05-06T19:56:38","slug":"emerton-stretch-sortky","status":"publish","type":"product","link":"https:\/\/gajos.sk\/eshop\/p\/emerton-stretch-sortky\/","title":{"rendered":"EMERTON STRETCH \u0161ortky"},"content":{"rendered":"","protected":false},"excerpt":{"rendered":"<p>\u2022 vysoko odoln\u00e9 stre\u010dov\u00e9 pracovn\u00e9 \u0161ortky s elastick\u00fdm p\u00e1som \u2022 multifunk\u010dn\u00e9 vreck\u00e1 \u2022 zosilnenie nam\u00e1han\u00fdch \u010dast\u00ed Oxford 600D \u2022 reflexn\u00e9 segmenty<\/p>\n","protected":false},"featured_media":356711,"template":"","meta":{"_acf_changed":false,"inline_featured_image":false},"product_brand":[],"product_cat":[2133,2121,2126],"product_tag":[1179],"class_list":{"0":"post-356709","1":"product","2":"type-product","3":"status-publish","4":"has-post-thumbnail","6":"product_cat-sortky","7":"product_cat-odevy","8":"product_cat-nohavice-a-overaly","9":"product_tag-cerva","10":"pa_farba-siva-oranzova","11":"pa_farba-cerna-zlta","12":"pa_farba-siva-kamuflaz","13":"pa_velkost-3155","14":"pa_velkost-3157","15":"pa_velkost-3158","16":"pa_velkost-3159","17":"pa_velkost-3160","18":"pa_velkost-3161","19":"pa_velkost-3162","20":"pa_velkost-3110","21":"pa_velkost-3174","22":"pa_velkost-3112","23":"pa_velkost-3175","24":"pa_velkost-3121","25":"pa_velkost-3123","27":"first","28":"instock","29":"taxable","30":"shipping-taxable","31":"purchasable","32":"product-type-variable"},"acf":[],"_links":{"self":[{"href":"https:\/\/gajos.sk\/eshop\/wp-json\/wp\/v2\/product\/356709","targetHints":{"allow":["GET"]}}],"collection":[{"href":"https:\/\/gajos.sk\/eshop\/wp-json\/wp\/v2\/product"}],"about":[{"href":"https:\/\/gajos.sk\/eshop\/wp-json\/wp\/v2\/types\/product"}],"wp:featuredmedia":[{"embeddable":true,"href":"https:\/\/gajos.sk\/eshop\/wp-json\/wp\/v2\/media\/356711"}],"wp:attachment":[{"href":"https:\/\/gajos.sk\/eshop\/wp-json\/wp\/v2\/media?parent=356709"}],"wp:term":[{"taxonomy":"product_brand","embeddable":true,"href":"https:\/\/gajos.sk\/eshop\/wp-json\/wp\/v2\/product_brand?post=356709"},{"taxonomy":"product_cat","embeddable":true,"href":"https:\/\/gajos.sk\/eshop\/wp-json\/wp\/v2\/product_cat?post=356709"},{"taxonomy":"product_tag","embeddable":true,"href":"https:\/\/gajos.sk\/eshop\/wp-json\/wp\/v2\/product_tag?post=356709"}],"curies":[{"name":"wp","href":"https:\/\/api.w.org\/{rel}","templated":true}]}}