{"id":354310,"date":"2024-03-01T23:59:45","date_gmt":"2024-03-01T22:59:45","guid":{"rendered":"https:\/\/gajostest.a2hosted.com\/eshop\/social-distanc-mat-foot-065x2m\/"},"modified":"2026-04-11T17:51:53","modified_gmt":"2026-04-11T15:51:53","slug":"social-distanc-mat-foot-065x2m","status":"publish","type":"product","link":"https:\/\/gajos.sk\/eshop\/p\/social-distanc-mat-foot-065x2m\/","title":{"rendered":"Social Distanc.Mat Foot 0,65x2m"},"content":{"rendered":"","protected":false},"excerpt":{"rendered":"<p>Vo\u013ene polo\u017eite\u013en\u00e9 roho\u017ee na podporu soci\u00e1lneho odstupu.<br \/>\nOzn\u00e1mte svojim zamestnancom alebo z\u00e1kazn\u00edkom pravidl\u00e1 soci\u00e1lnej vzdialenosti, ktor\u00e9 zn\u00ed\u017eia roz\u0161\u00edren\u00fd koronav\u00edrus.<br \/>\nIde\u00e1lne pre v\u0161etky verejn\u00e9 budovy vr\u00e1tane nemocn\u00edc, supermarketov, kancel\u00e1ri\u00ed.<br \/>\nN\u00e1kladovo efekt\u00edvny a odoln\u00fd sp\u00f4sob, ako uk\u00e1za\u0165, \u017ee beriete zdravie a bezpe\u010dnos\u0165 v\u00e1\u017ene.<br \/>\nDigit\u00e1lna potla\u010d pre vynikaj\u00facu farebn\u00fa reprodukciu.<br \/>\nN\u00edzka hrana pre zn\u00ed\u017eenie rizika zakopnutia.<br \/>\nMo\u017eno pra\u0165 v pr\u00e1\u010dke pri teplote 30\u00b0 C.<br \/>\nRoho\u017ee zost\u00e1vaj\u00fa na svojom mieste v\u010faka vinylovej podlo\u017eke, ale m\u00f4\u017eu by\u0165 tie\u017e premiestnen\u00e9 a um\u00fdvan\u00e9 na rozdiel od podlahov\u00fdch samolepiek.<br \/>\nV\u00fd\u0161ka produktu: 6 mm<br \/>\nV\u00e1ha: 3,5 kg<\/p>\n","protected":false},"featured_media":354312,"template":"","meta":{"_acf_changed":false,"inline_featured_image":false},"product_brand":[],"product_cat":[2132,2131],"product_tag":[1269],"class_list":{"0":"post-354310","1":"product","2":"type-product","3":"status-publish","4":"has-post-thumbnail","6":"product_cat-rohoze","7":"product_cat-ostatne","8":"product_tag-coba","9":"pa_farba-modra","10":"pa_farba-cervena","12":"first","13":"instock","14":"taxable","15":"shipping-taxable","16":"product-type-variable"},"acf":[],"_links":{"self":[{"href":"https:\/\/gajos.sk\/eshop\/wp-json\/wp\/v2\/product\/354310","targetHints":{"allow":["GET"]}}],"collection":[{"href":"https:\/\/gajos.sk\/eshop\/wp-json\/wp\/v2\/product"}],"about":[{"href":"https:\/\/gajos.sk\/eshop\/wp-json\/wp\/v2\/types\/product"}],"wp:featuredmedia":[{"embeddable":true,"href":"https:\/\/gajos.sk\/eshop\/wp-json\/wp\/v2\/media\/354312"}],"wp:attachment":[{"href":"https:\/\/gajos.sk\/eshop\/wp-json\/wp\/v2\/media?parent=354310"}],"wp:term":[{"taxonomy":"product_brand","embeddable":true,"href":"https:\/\/gajos.sk\/eshop\/wp-json\/wp\/v2\/product_brand?post=354310"},{"taxonomy":"product_cat","embeddable":true,"href":"https:\/\/gajos.sk\/eshop\/wp-json\/wp\/v2\/product_cat?post=354310"},{"taxonomy":"product_tag","embeddable":true,"href":"https:\/\/gajos.sk\/eshop\/wp-json\/wp\/v2\/product_tag?post=354310"}],"curies":[{"name":"wp","href":"https:\/\/api.w.org\/{rel}","templated":true}]}}