{"id":354118,"date":"2024-03-01T23:55:40","date_gmt":"2024-03-01T22:55:40","guid":{"rendered":"https:\/\/gajostest.a2hosted.com\/eshop\/dobijacie-svietidlo-p2307\/"},"modified":"2026-04-20T00:57:54","modified_gmt":"2026-04-19T22:57:54","slug":"dobijacie-svietidlo-p2307","status":"publish","type":"product","link":"https:\/\/gajos.sk\/eshop\/p\/dobijacie-svietidlo-p2307\/","title":{"rendered":"Dob\u00edjacie svietidlo P2307"},"content":{"rendered":"","protected":false},"excerpt":{"rendered":"<p>\u2022 pou\u017eitie: pr\u00e1ce, \u2022 nab\u00edjacie: \u00e1no, \u2022 zdroj svetla: 10 W LED, \u2022 re\u017eimy svietenia: zapnut\u00e9, vypnut\u00e9, \u2022 nap\u00e1janie: oloven\u00fd akumul\u00e1tor 4 V\/4 Ah, \u2022 materi\u00e1l: ABS plast, \u2022 dosvit: 400 m, \u2022 dosvit pod\u013ea ANSI FL1: neuv\u00e1dza sa, \u2022 doba svietenia: 25 hod\u00edn, \u2022 doba svietenia pod\u013ea ANSI FL1: neuv\u00e1dza sa, \u2022 maxim\u00e1lny sveteln\u00fd tok LED: a\u017e 380 lm, \u2022 doba nab\u00edjania: 10 hod\u00edn, \u2022 vodeodolnos\u0165 pod\u013ea ANSI FL1: \u00e1no, IP43, \u2022 \u017eivotnos\u0165 LED: 30 000 hod\u00edn, \u2022 bat\u00e9rie s\u00fa\u010das\u0165ou balenia: \u00e1no, \u2022 hmotnos\u0165: 1 048 g, \u2022 typ nap\u00e1jacieho konektora: 5,45\u2009\u00d7\u20092,5\/9,6 mm, \u2022 farba: zelen\u00e1, \u2022 rozmer: 117\u2009\u00d7\u2009217\u2009mm, \u2022 pr\u00edslu\u0161enstvo: nap\u00e1jac\u00ed adapt\u00e9r + adapt\u00e9r, \u2022 do automobilu, popruh na rameno, \u2022 predajn\u00fd obal: 1 ks, krabica, \u2022 energetick\u00e1 trieda: neuv\u00e1dza sa<\/p>\n","protected":false},"featured_media":354120,"template":"","meta":{"_acf_changed":false,"inline_featured_image":false},"product_brand":[],"product_cat":[2591,2131],"product_tag":[2593],"class_list":{"0":"post-354118","1":"product","2":"type-product","3":"status-publish","4":"has-post-thumbnail","6":"product_cat-elektricky","7":"product_cat-ostatne","8":"product_tag-emos","9":"pa_velkost-uni","11":"first","12":"instock","13":"taxable","14":"shipping-taxable","15":"product-type-variable"},"acf":[],"_links":{"self":[{"href":"https:\/\/gajos.sk\/eshop\/wp-json\/wp\/v2\/product\/354118","targetHints":{"allow":["GET"]}}],"collection":[{"href":"https:\/\/gajos.sk\/eshop\/wp-json\/wp\/v2\/product"}],"about":[{"href":"https:\/\/gajos.sk\/eshop\/wp-json\/wp\/v2\/types\/product"}],"wp:featuredmedia":[{"embeddable":true,"href":"https:\/\/gajos.sk\/eshop\/wp-json\/wp\/v2\/media\/354120"}],"wp:attachment":[{"href":"https:\/\/gajos.sk\/eshop\/wp-json\/wp\/v2\/media?parent=354118"}],"wp:term":[{"taxonomy":"product_brand","embeddable":true,"href":"https:\/\/gajos.sk\/eshop\/wp-json\/wp\/v2\/product_brand?post=354118"},{"taxonomy":"product_cat","embeddable":true,"href":"https:\/\/gajos.sk\/eshop\/wp-json\/wp\/v2\/product_cat?post=354118"},{"taxonomy":"product_tag","embeddable":true,"href":"https:\/\/gajos.sk\/eshop\/wp-json\/wp\/v2\/product_tag?post=354118"}],"curies":[{"name":"wp","href":"https:\/\/api.w.org\/{rel}","templated":true}]}}