{"id":353931,"date":"2024-03-01T23:51:52","date_gmt":"2024-03-01T22:51:52","guid":{"rendered":"https:\/\/gajostest.a2hosted.com\/eshop\/plum5503quickfixdispenser2x45ksdtnaplast\/"},"modified":"2026-04-18T01:58:47","modified_gmt":"2026-04-17T23:58:47","slug":"plum5503quickfixdispenser2x45ksdtnaplast","status":"publish","type":"product","link":"https:\/\/gajos.sk\/eshop\/p\/plum5503quickfixdispenser2x45ksdtnaplast\/","title":{"rendered":"Plum5503QuickFixdispenser2x45ksDTn\u00e1plast"},"content":{"rendered":"","protected":false},"excerpt":{"rendered":"<p>N\u00e1plasti s identifikovate\u013en\u00fdmi kovov\u00fdmi vl\u00e1knami. Obsahuj\u00fa kovov\u00e9 vl\u00e1kna, tak\u017ee s\u00fa detektorom \u013eahko identifikovate\u013en\u00e9. N\u00e1plasti s\u00fa vyroben\u00e9 z materi\u00e1lu PE, umo\u017e\u0148uj\u00fa tak poko\u017eke d\u00fdcha\u0165, okrem toho s\u00fa aj vodovzdorn\u00e9 a s\u00fa \u0161etrn\u00e9 k poko\u017eke. Rozmery: \u0160: 23 cm. x V: 13,5 cm.<\/p>\n","protected":false},"featured_media":353933,"template":"","meta":{"_acf_changed":false,"inline_featured_image":false},"product_brand":[],"product_cat":[2601,2131],"product_tag":[2594],"class_list":{"0":"post-353931","1":"product","2":"type-product","3":"status-publish","4":"has-post-thumbnail","6":"product_cat-prva-pomoc","7":"product_cat-ostatne","8":"product_tag-plum","9":"pa_velkost-uni","11":"first","12":"instock","13":"taxable","14":"shipping-taxable","15":"purchasable","16":"product-type-variable"},"acf":[],"_links":{"self":[{"href":"https:\/\/gajos.sk\/eshop\/wp-json\/wp\/v2\/product\/353931","targetHints":{"allow":["GET"]}}],"collection":[{"href":"https:\/\/gajos.sk\/eshop\/wp-json\/wp\/v2\/product"}],"about":[{"href":"https:\/\/gajos.sk\/eshop\/wp-json\/wp\/v2\/types\/product"}],"wp:featuredmedia":[{"embeddable":true,"href":"https:\/\/gajos.sk\/eshop\/wp-json\/wp\/v2\/media\/353933"}],"wp:attachment":[{"href":"https:\/\/gajos.sk\/eshop\/wp-json\/wp\/v2\/media?parent=353931"}],"wp:term":[{"taxonomy":"product_brand","embeddable":true,"href":"https:\/\/gajos.sk\/eshop\/wp-json\/wp\/v2\/product_brand?post=353931"},{"taxonomy":"product_cat","embeddable":true,"href":"https:\/\/gajos.sk\/eshop\/wp-json\/wp\/v2\/product_cat?post=353931"},{"taxonomy":"product_tag","embeddable":true,"href":"https:\/\/gajos.sk\/eshop\/wp-json\/wp\/v2\/product_tag?post=353931"}],"curies":[{"name":"wp","href":"https:\/\/api.w.org\/{rel}","templated":true}]}}