{"id":353841,"date":"2024-03-01T23:51:04","date_gmt":"2024-03-01T22:51:04","guid":{"rendered":"https:\/\/gajostest.a2hosted.com\/eshop\/jsp-expander-bariera-3m\/"},"modified":"2026-04-18T01:58:47","modified_gmt":"2026-04-17T23:58:47","slug":"jsp-expander-bariera-3m","status":"publish","type":"product","link":"https:\/\/gajos.sk\/eshop\/p\/jsp-expander-bariera-3m\/","title":{"rendered":"JSP Expander bari\u00e9ra 3m"},"content":{"rendered":"","protected":false},"excerpt":{"rendered":"<p>Titan\u00ae Expander bari\u00e9ra pon\u00faka flexibiln\u00fd rozmer 55 cm x 3,1 m pre r\u00f4zne druhy vyu\u017eitia, s ve\u013emi jednoduch\u00fdm nastaven\u00edm d\u013a\u017eky potrebnej v danej situ\u00e1cii. Rozmery: V: 1 m, \u0160: 60 cm, D: 55 cm x 3,1 m Odpor\u00fa\u010dan\u00e9 vyu\u017eitie: hotelov\u00e9 rezorty, obchodn\u00e9 priestory, kin\u00e1, \u0161koly, nemocnice, n\u00e1dra\u017en\u00e9 priestory, gar\u00e1\u017ee, letisk\u00e1, pr\u00edstavy, priemyseln\u00e9 a v\u00fdrobn\u00e9 priestory. 9910 0036 24 999 \u010derven\u00e1, 9910 0036 40 999 modr\u00e1, 9910 0036 64 999 \u017elt\u00e1, 9910 0036 10 999 zelen\u00e1,<\/p>\n","protected":false},"featured_media":353843,"template":"","meta":{"_acf_changed":false,"inline_featured_image":false},"product_brand":[],"product_cat":[2163,2131],"product_tag":[1209],"class_list":{"0":"post-353841","1":"product","2":"type-product","3":"status-publish","4":"has-post-thumbnail","6":"product_cat-dopravne-znacky","7":"product_cat-ostatne","8":"product_tag-jsp","9":"pa_farba-modra","10":"pa_farba-zelena","11":"pa_farba-cerna-zlta","12":"pa_farba-cervena-bila","14":"first","15":"instock","16":"taxable","17":"shipping-taxable","18":"product-type-variable"},"acf":[],"_links":{"self":[{"href":"https:\/\/gajos.sk\/eshop\/wp-json\/wp\/v2\/product\/353841","targetHints":{"allow":["GET"]}}],"collection":[{"href":"https:\/\/gajos.sk\/eshop\/wp-json\/wp\/v2\/product"}],"about":[{"href":"https:\/\/gajos.sk\/eshop\/wp-json\/wp\/v2\/types\/product"}],"wp:featuredmedia":[{"embeddable":true,"href":"https:\/\/gajos.sk\/eshop\/wp-json\/wp\/v2\/media\/353843"}],"wp:attachment":[{"href":"https:\/\/gajos.sk\/eshop\/wp-json\/wp\/v2\/media?parent=353841"}],"wp:term":[{"taxonomy":"product_brand","embeddable":true,"href":"https:\/\/gajos.sk\/eshop\/wp-json\/wp\/v2\/product_brand?post=353841"},{"taxonomy":"product_cat","embeddable":true,"href":"https:\/\/gajos.sk\/eshop\/wp-json\/wp\/v2\/product_cat?post=353841"},{"taxonomy":"product_tag","embeddable":true,"href":"https:\/\/gajos.sk\/eshop\/wp-json\/wp\/v2\/product_tag?post=353841"}],"curies":[{"name":"wp","href":"https:\/\/api.w.org\/{rel}","templated":true}]}}