{"id":353831,"date":"2024-03-01T23:49:54","date_gmt":"2024-03-01T22:49:54","guid":{"rendered":"https:\/\/gajostest.a2hosted.com\/eshop\/jsp-podstavec-pre-stlpik-3kg\/"},"modified":"2026-04-18T01:58:46","modified_gmt":"2026-04-17T23:58:46","slug":"jsp-podstavec-pre-stlpik-3kg","status":"publish","type":"product","link":"https:\/\/gajos.sk\/eshop\/p\/jsp-podstavec-pre-stlpik-3kg\/","title":{"rendered":"JSP podstavec pre st\u013apik 3kg"},"content":{"rendered":"","protected":false},"excerpt":{"rendered":"<p>Vyroben\u00fd z recyklovan\u00e9ho PVC. Robustn\u00fd a stabiln\u00fd.<\/p>\n","protected":false},"featured_media":353833,"template":"","meta":{"_acf_changed":false,"inline_featured_image":false},"product_brand":[],"product_cat":[2163,2131],"product_tag":[1209],"class_list":{"0":"post-353831","1":"product","2":"type-product","3":"status-publish","4":"has-post-thumbnail","6":"product_cat-dopravne-znacky","7":"product_cat-ostatne","8":"product_tag-jsp","9":"pa_velkost-uni","11":"first","12":"instock","13":"taxable","14":"shipping-taxable","15":"purchasable","16":"product-type-variable"},"acf":[],"_links":{"self":[{"href":"https:\/\/gajos.sk\/eshop\/wp-json\/wp\/v2\/product\/353831","targetHints":{"allow":["GET"]}}],"collection":[{"href":"https:\/\/gajos.sk\/eshop\/wp-json\/wp\/v2\/product"}],"about":[{"href":"https:\/\/gajos.sk\/eshop\/wp-json\/wp\/v2\/types\/product"}],"wp:featuredmedia":[{"embeddable":true,"href":"https:\/\/gajos.sk\/eshop\/wp-json\/wp\/v2\/media\/353833"}],"wp:attachment":[{"href":"https:\/\/gajos.sk\/eshop\/wp-json\/wp\/v2\/media?parent=353831"}],"wp:term":[{"taxonomy":"product_brand","embeddable":true,"href":"https:\/\/gajos.sk\/eshop\/wp-json\/wp\/v2\/product_brand?post=353831"},{"taxonomy":"product_cat","embeddable":true,"href":"https:\/\/gajos.sk\/eshop\/wp-json\/wp\/v2\/product_cat?post=353831"},{"taxonomy":"product_tag","embeddable":true,"href":"https:\/\/gajos.sk\/eshop\/wp-json\/wp\/v2\/product_tag?post=353831"}],"curies":[{"name":"wp","href":"https:\/\/api.w.org\/{rel}","templated":true}]}}