{"id":353802,"date":"2024-03-01T23:49:40","date_gmt":"2024-03-01T22:49:40","guid":{"rendered":"https:\/\/gajostest.a2hosted.com\/eshop\/jsp-vystrazna-paska-s-7cm\/"},"modified":"2026-04-20T00:57:53","modified_gmt":"2026-04-19T22:57:53","slug":"jsp-vystrazna-paska-s-7cm","status":"publish","type":"product","link":"https:\/\/gajos.sk\/eshop\/p\/jsp-vystrazna-paska-s-7cm\/","title":{"rendered":"JSP V\u00fdstra\u017en\u00e1 p\u00e1ska \u0161.7cm"},"content":{"rendered":"","protected":false},"excerpt":{"rendered":"<p>V\u00fdstra\u017en\u00e1 7 cm \u0161irok\u00e1 p\u00e1ska vo farebnej verzii \u010derveno-biela alebo \u017elto-\u010dierna, na zvitku v d\u013a\u017ekach 50 m, 100 m a 500 m.<\/p>\n","protected":false},"featured_media":353804,"template":"","meta":{"_acf_changed":false,"inline_featured_image":false},"product_brand":[],"product_cat":[2163,2131],"product_tag":[1209],"class_list":{"0":"post-353802","1":"product","2":"type-product","3":"status-publish","4":"has-post-thumbnail","6":"product_cat-dopravne-znacky","7":"product_cat-ostatne","8":"product_tag-jsp","9":"pa_farba-cerna-zlta","10":"pa_farba-cervena-bila","11":"pa_velkost-500m","12":"pa_velkost-100m","14":"first","15":"instock","16":"taxable","17":"shipping-taxable","18":"purchasable","19":"product-type-variable"},"acf":[],"_links":{"self":[{"href":"https:\/\/gajos.sk\/eshop\/wp-json\/wp\/v2\/product\/353802","targetHints":{"allow":["GET"]}}],"collection":[{"href":"https:\/\/gajos.sk\/eshop\/wp-json\/wp\/v2\/product"}],"about":[{"href":"https:\/\/gajos.sk\/eshop\/wp-json\/wp\/v2\/types\/product"}],"wp:featuredmedia":[{"embeddable":true,"href":"https:\/\/gajos.sk\/eshop\/wp-json\/wp\/v2\/media\/353804"}],"wp:attachment":[{"href":"https:\/\/gajos.sk\/eshop\/wp-json\/wp\/v2\/media?parent=353802"}],"wp:term":[{"taxonomy":"product_brand","embeddable":true,"href":"https:\/\/gajos.sk\/eshop\/wp-json\/wp\/v2\/product_brand?post=353802"},{"taxonomy":"product_cat","embeddable":true,"href":"https:\/\/gajos.sk\/eshop\/wp-json\/wp\/v2\/product_cat?post=353802"},{"taxonomy":"product_tag","embeddable":true,"href":"https:\/\/gajos.sk\/eshop\/wp-json\/wp\/v2\/product_tag?post=353802"}],"curies":[{"name":"wp","href":"https:\/\/api.w.org\/{rel}","templated":true}]}}