{"id":353756,"date":"2024-03-01T23:49:17","date_gmt":"2024-03-01T22:49:17","guid":{"rendered":"https:\/\/gajostest.a2hosted.com\/eshop\/celovka-p3528-2w-cob-led-3xaaa\/"},"modified":"2026-04-18T01:58:46","modified_gmt":"2026-04-17T23:58:46","slug":"celovka-p3528-2w-cob-led-3xaaa","status":"publish","type":"product","link":"https:\/\/gajos.sk\/eshop\/p\/celovka-p3528-2w-cob-led-3xaaa\/","title":{"rendered":"\u010celovka P3528 2W COB LED 3xAAA"},"content":{"rendered":"","protected":false},"excerpt":{"rendered":"<p>zdroj svetla: 2 W COB LED  \u2022 nab\u00edjanie: 3\u00d7 AAA 1,5 V (mikrotu\u017ekov\u00e1 bat\u00e9ria) \u2022 re\u017eimy: 100 %, 50 %, vypnut\u00e9  \u2022 dlh\u00e9 stla\u010denie tla\u010didla 3 s \u2013 SOS blikanie  \u2022 dosvit: COB 100 % \u2013 17 m, COB 50 % \u2013 9 m  \u2022 doba svietenia: COB 100 % \u2013 38 hod\u00edn  \u2022 maxim\u00e1lny sveteln\u00fd tok LED: a\u017e 140 lm \u2022 maxim\u00e1lny sveteln\u00fd tok produktu: a\u017e 80 lm  \u2022  n\u00e1razuvzdorn\u00e1 do 1 m: \u00e1no  \u2022  rozmer: 59 \u00d7 40 \u00d7 40 mm  \u2022 hmotnos\u0165: 51 g  \u2022  predajn\u00fd obal: 1 ks, blister  \u2022 materi\u00e1l: ABS plast  \u2022  reflexn\u00fd p\u00e1sik: \u00e1no  \u2022 pou\u017eitie: univerz\u00e1lne<\/p>\n","protected":false},"featured_media":353758,"template":"","meta":{"_acf_changed":false,"inline_featured_image":false},"product_brand":[],"product_cat":[2591,2131],"product_tag":[2593],"class_list":{"0":"post-353756","1":"product","2":"type-product","3":"status-publish","4":"has-post-thumbnail","6":"product_cat-elektricky","7":"product_cat-ostatne","8":"product_tag-emos","9":"pa_velkost-uni","11":"first","12":"instock","13":"taxable","14":"shipping-taxable","15":"purchasable","16":"product-type-variable"},"acf":[],"_links":{"self":[{"href":"https:\/\/gajos.sk\/eshop\/wp-json\/wp\/v2\/product\/353756","targetHints":{"allow":["GET"]}}],"collection":[{"href":"https:\/\/gajos.sk\/eshop\/wp-json\/wp\/v2\/product"}],"about":[{"href":"https:\/\/gajos.sk\/eshop\/wp-json\/wp\/v2\/types\/product"}],"wp:featuredmedia":[{"embeddable":true,"href":"https:\/\/gajos.sk\/eshop\/wp-json\/wp\/v2\/media\/353758"}],"wp:attachment":[{"href":"https:\/\/gajos.sk\/eshop\/wp-json\/wp\/v2\/media?parent=353756"}],"wp:term":[{"taxonomy":"product_brand","embeddable":true,"href":"https:\/\/gajos.sk\/eshop\/wp-json\/wp\/v2\/product_brand?post=353756"},{"taxonomy":"product_cat","embeddable":true,"href":"https:\/\/gajos.sk\/eshop\/wp-json\/wp\/v2\/product_cat?post=353756"},{"taxonomy":"product_tag","embeddable":true,"href":"https:\/\/gajos.sk\/eshop\/wp-json\/wp\/v2\/product_tag?post=353756"}],"curies":[{"name":"wp","href":"https:\/\/api.w.org\/{rel}","templated":true}]}}