{"id":353678,"date":"2024-03-01T23:47:37","date_gmt":"2024-03-01T22:47:37","guid":{"rendered":"https:\/\/gajostest.a2hosted.com\/eshop\/laide-nakolenik\/"},"modified":"2026-05-07T21:55:59","modified_gmt":"2026-05-07T19:55:59","slug":"laide-nakolenik","status":"publish","type":"product","link":"https:\/\/gajos.sk\/eshop\/p\/laide-nakolenik\/","title":{"rendered":"LAIDE n\u00e1kolen\u00edk"},"content":{"rendered":"","protected":false},"excerpt":{"rendered":"<p>Vlo\u017eka do kolenn\u00fdch vreciek mont\u00e9rkov\u00fdch nohav\u00edc, vhodn\u00e9 napr. pre kolekcie a s\u00fapravy NARELLAN, ALLYN, EMERTON, OLZA a in\u00e9.<\/p>\n","protected":false},"featured_media":353680,"template":"","meta":{"_acf_changed":false,"inline_featured_image":false},"product_brand":[],"product_cat":[3533,2121,2140],"product_tag":[1179],"class_list":{"0":"post-353678","1":"product","2":"type-product","3":"status-publish","4":"has-post-thumbnail","6":"product_cat-ochrana-kolien-ostatne-odevy","7":"product_cat-odevy","8":"product_cat-ostatne-odevy","9":"product_tag-cerva","10":"pa_velkost-uni","12":"first","13":"instock","14":"taxable","15":"shipping-taxable","16":"purchasable","17":"product-type-variable"},"acf":[],"_links":{"self":[{"href":"https:\/\/gajos.sk\/eshop\/wp-json\/wp\/v2\/product\/353678","targetHints":{"allow":["GET"]}}],"collection":[{"href":"https:\/\/gajos.sk\/eshop\/wp-json\/wp\/v2\/product"}],"about":[{"href":"https:\/\/gajos.sk\/eshop\/wp-json\/wp\/v2\/types\/product"}],"wp:featuredmedia":[{"embeddable":true,"href":"https:\/\/gajos.sk\/eshop\/wp-json\/wp\/v2\/media\/353680"}],"wp:attachment":[{"href":"https:\/\/gajos.sk\/eshop\/wp-json\/wp\/v2\/media?parent=353678"}],"wp:term":[{"taxonomy":"product_brand","embeddable":true,"href":"https:\/\/gajos.sk\/eshop\/wp-json\/wp\/v2\/product_brand?post=353678"},{"taxonomy":"product_cat","embeddable":true,"href":"https:\/\/gajos.sk\/eshop\/wp-json\/wp\/v2\/product_cat?post=353678"},{"taxonomy":"product_tag","embeddable":true,"href":"https:\/\/gajos.sk\/eshop\/wp-json\/wp\/v2\/product_tag?post=353678"}],"curies":[{"name":"wp","href":"https:\/\/api.w.org\/{rel}","templated":true}]}}