{"id":353526,"date":"2024-03-01T23:45:13","date_gmt":"2024-03-01T22:45:13","guid":{"rendered":"https:\/\/gajostest.a2hosted.com\/eshop\/kotviaca-slucka-polyamid\/"},"modified":"2026-04-11T17:51:49","modified_gmt":"2026-04-11T15:51:49","slug":"kotviaca-slucka-polyamid","status":"publish","type":"product","link":"https:\/\/gajos.sk\/eshop\/p\/kotviaca-slucka-polyamid\/","title":{"rendered":"Kotviaca slu\u010dka polyamid"},"content":{"rendered":"","protected":false},"excerpt":{"rendered":"<p>Fall safe kotevn\u00e1 slu\u010dka Polyamid &#8211; 1 m EN795<\/p>\n","protected":false},"featured_media":353528,"template":"","meta":{"_acf_changed":false,"inline_featured_image":false},"product_brand":[],"product_cat":[2153,2171,2128],"product_tag":[1293],"class_list":{"0":"post-353526","1":"product","2":"type-product","3":"status-publish","4":"has-post-thumbnail","6":"product_cat-ochrana-proti-padu","7":"product_cat-kotviace-zariadenia","8":"product_cat-ochranne-pomocky","9":"product_tag-fallsafe","10":"pa_velkost-1-m","11":"pa_velkost-2-m","13":"first","14":"instock","15":"taxable","16":"shipping-taxable","17":"purchasable","18":"product-type-variable"},"acf":[],"_links":{"self":[{"href":"https:\/\/gajos.sk\/eshop\/wp-json\/wp\/v2\/product\/353526","targetHints":{"allow":["GET"]}}],"collection":[{"href":"https:\/\/gajos.sk\/eshop\/wp-json\/wp\/v2\/product"}],"about":[{"href":"https:\/\/gajos.sk\/eshop\/wp-json\/wp\/v2\/types\/product"}],"wp:featuredmedia":[{"embeddable":true,"href":"https:\/\/gajos.sk\/eshop\/wp-json\/wp\/v2\/media\/353528"}],"wp:attachment":[{"href":"https:\/\/gajos.sk\/eshop\/wp-json\/wp\/v2\/media?parent=353526"}],"wp:term":[{"taxonomy":"product_brand","embeddable":true,"href":"https:\/\/gajos.sk\/eshop\/wp-json\/wp\/v2\/product_brand?post=353526"},{"taxonomy":"product_cat","embeddable":true,"href":"https:\/\/gajos.sk\/eshop\/wp-json\/wp\/v2\/product_cat?post=353526"},{"taxonomy":"product_tag","embeddable":true,"href":"https:\/\/gajos.sk\/eshop\/wp-json\/wp\/v2\/product_tag?post=353526"}],"curies":[{"name":"wp","href":"https:\/\/api.w.org\/{rel}","templated":true}]}}