{"id":353514,"date":"2024-03-01T23:45:13","date_gmt":"2024-03-01T22:45:13","guid":{"rendered":"https:\/\/gajostest.a2hosted.com\/eshop\/kotviaci-bod-hlinikovy-at-150\/"},"modified":"2026-04-20T00:57:53","modified_gmt":"2026-04-19T22:57:53","slug":"kotviaci-bod-hlinikovy-at-150","status":"publish","type":"product","link":"https:\/\/gajos.sk\/eshop\/p\/kotviaci-bod-hlinikovy-at-150\/","title":{"rendered":"kotviaci bod hlin\u00edkov\u00fd AT 150"},"content":{"rendered":"","protected":false},"excerpt":{"rendered":"<p>Kotviaci bod pod\u013ea EN 795, vhodn\u00fd k mont\u00e1\u017ei na oce\u013eov\u00e9 i bet\u00f3nov\u00e9 kon\u0161trukcie \u2013 rozmery 135 x 60 x 60 mm Hmotnos\u0165 300 g. Materi\u00e1l hlin\u00edk. Certifik\u00e1cia pod\u013ea EN 795 (CE 0082).<\/p>\n","protected":false},"featured_media":353516,"template":"","meta":{"_acf_changed":false,"inline_featured_image":false},"product_brand":[],"product_cat":[2153,2171,2128],"product_tag":[1246],"class_list":{"0":"post-353514","1":"product","2":"type-product","3":"status-publish","4":"has-post-thumbnail","6":"product_cat-ochrana-proti-padu","7":"product_cat-kotviace-zariadenia","8":"product_cat-ochranne-pomocky","9":"product_tag-lanex","10":"pa_velkost-uni","12":"first","13":"instock","14":"taxable","15":"shipping-taxable","16":"purchasable","17":"product-type-variable"},"acf":[],"_links":{"self":[{"href":"https:\/\/gajos.sk\/eshop\/wp-json\/wp\/v2\/product\/353514","targetHints":{"allow":["GET"]}}],"collection":[{"href":"https:\/\/gajos.sk\/eshop\/wp-json\/wp\/v2\/product"}],"about":[{"href":"https:\/\/gajos.sk\/eshop\/wp-json\/wp\/v2\/types\/product"}],"wp:featuredmedia":[{"embeddable":true,"href":"https:\/\/gajos.sk\/eshop\/wp-json\/wp\/v2\/media\/353516"}],"wp:attachment":[{"href":"https:\/\/gajos.sk\/eshop\/wp-json\/wp\/v2\/media?parent=353514"}],"wp:term":[{"taxonomy":"product_brand","embeddable":true,"href":"https:\/\/gajos.sk\/eshop\/wp-json\/wp\/v2\/product_brand?post=353514"},{"taxonomy":"product_cat","embeddable":true,"href":"https:\/\/gajos.sk\/eshop\/wp-json\/wp\/v2\/product_cat?post=353514"},{"taxonomy":"product_tag","embeddable":true,"href":"https:\/\/gajos.sk\/eshop\/wp-json\/wp\/v2\/product_tag?post=353514"}],"curies":[{"name":"wp","href":"https:\/\/api.w.org\/{rel}","templated":true}]}}