{"id":353499,"date":"2024-03-01T23:45:04","date_gmt":"2024-03-01T22:45:04","guid":{"rendered":"https:\/\/gajostest.a2hosted.com\/eshop\/karabina-oval-alu-sroubovaci-fs820\/"},"modified":"2026-04-20T00:57:53","modified_gmt":"2026-04-19T22:57:53","slug":"karabina-oval-alu-sroubovaci-fs820","status":"publish","type":"product","link":"https:\/\/gajos.sk\/eshop\/p\/karabina-oval-alu-sroubovaci-fs820\/","title":{"rendered":"Karabina oval ALU \u0161roubovac\u00ed FS820"},"content":{"rendered":"","protected":false},"excerpt":{"rendered":"<p>Fall safe hlin\u00edkov\u00e1 ov\u00e1lna karab\u00edna (FS820) normy: EN 362:2004 (B), EN 12275:1998 hmotnos\u0165: 0,079 kg otvorenie: 19 mm CHARAKTERISTIKA: hlin\u00edkov\u00e1 karabina ov\u00e1lneho tvaru so skrutkovacou poistkou a pevnos\u0165ou 25 kN<\/p>\n","protected":false},"featured_media":353501,"template":"","meta":{"_acf_changed":false,"inline_featured_image":false},"product_brand":[],"product_cat":[2153,2128,2578],"product_tag":[1293],"class_list":{"0":"post-353499","1":"product","2":"type-product","3":"status-publish","4":"has-post-thumbnail","6":"product_cat-ochrana-proti-padu","7":"product_cat-ochranne-pomocky","8":"product_cat-karabiny","9":"product_tag-fallsafe","10":"pa_velkost-uni","12":"first","13":"instock","14":"taxable","15":"shipping-taxable","16":"purchasable","17":"product-type-variable"},"acf":[],"_links":{"self":[{"href":"https:\/\/gajos.sk\/eshop\/wp-json\/wp\/v2\/product\/353499","targetHints":{"allow":["GET"]}}],"collection":[{"href":"https:\/\/gajos.sk\/eshop\/wp-json\/wp\/v2\/product"}],"about":[{"href":"https:\/\/gajos.sk\/eshop\/wp-json\/wp\/v2\/types\/product"}],"wp:featuredmedia":[{"embeddable":true,"href":"https:\/\/gajos.sk\/eshop\/wp-json\/wp\/v2\/media\/353501"}],"wp:attachment":[{"href":"https:\/\/gajos.sk\/eshop\/wp-json\/wp\/v2\/media?parent=353499"}],"wp:term":[{"taxonomy":"product_brand","embeddable":true,"href":"https:\/\/gajos.sk\/eshop\/wp-json\/wp\/v2\/product_brand?post=353499"},{"taxonomy":"product_cat","embeddable":true,"href":"https:\/\/gajos.sk\/eshop\/wp-json\/wp\/v2\/product_cat?post=353499"},{"taxonomy":"product_tag","embeddable":true,"href":"https:\/\/gajos.sk\/eshop\/wp-json\/wp\/v2\/product_tag?post=353499"}],"curies":[{"name":"wp","href":"https:\/\/api.w.org\/{rel}","templated":true}]}}