{"id":353463,"date":"2024-03-01T23:43:45","date_gmt":"2024-03-01T22:43:45","guid":{"rendered":"https:\/\/gajostest.a2hosted.com\/eshop\/karabina-az011t\/"},"modified":"2026-04-14T22:50:28","modified_gmt":"2026-04-14T20:50:28","slug":"karabina-az011t","status":"publish","type":"product","link":"https:\/\/gajos.sk\/eshop\/p\/karabina-az011t\/","title":{"rendered":"Karabina AZ011T"},"content":{"rendered":"","protected":false},"excerpt":{"rendered":"<p>Oce\u013eov\u00e1 ov\u00e1lna karab\u00edna s poistkou twist lock, mo\u017enos\u0165 otvorenia 18 mm, rozmery 108 x 60 mm, hmotnos\u0165 180 g, sp\u013a\u0148a normu EN 362.<\/p>\n","protected":false},"featured_media":353465,"template":"","meta":{"_acf_changed":false,"inline_featured_image":false},"product_brand":[],"product_cat":[2153,2128,2578],"product_tag":[1246],"class_list":{"0":"post-353463","1":"product","2":"type-product","3":"status-publish","4":"has-post-thumbnail","6":"product_cat-ochrana-proti-padu","7":"product_cat-ochranne-pomocky","8":"product_cat-karabiny","9":"product_tag-lanex","10":"pa_velkost-uni","12":"first","13":"instock","14":"taxable","15":"shipping-taxable","16":"purchasable","17":"product-type-variable"},"acf":[],"_links":{"self":[{"href":"https:\/\/gajos.sk\/eshop\/wp-json\/wp\/v2\/product\/353463","targetHints":{"allow":["GET"]}}],"collection":[{"href":"https:\/\/gajos.sk\/eshop\/wp-json\/wp\/v2\/product"}],"about":[{"href":"https:\/\/gajos.sk\/eshop\/wp-json\/wp\/v2\/types\/product"}],"wp:featuredmedia":[{"embeddable":true,"href":"https:\/\/gajos.sk\/eshop\/wp-json\/wp\/v2\/media\/353465"}],"wp:attachment":[{"href":"https:\/\/gajos.sk\/eshop\/wp-json\/wp\/v2\/media?parent=353463"}],"wp:term":[{"taxonomy":"product_brand","embeddable":true,"href":"https:\/\/gajos.sk\/eshop\/wp-json\/wp\/v2\/product_brand?post=353463"},{"taxonomy":"product_cat","embeddable":true,"href":"https:\/\/gajos.sk\/eshop\/wp-json\/wp\/v2\/product_cat?post=353463"},{"taxonomy":"product_tag","embeddable":true,"href":"https:\/\/gajos.sk\/eshop\/wp-json\/wp\/v2\/product_tag?post=353463"}],"curies":[{"name":"wp","href":"https:\/\/api.w.org\/{rel}","templated":true}]}}