{"id":353455,"date":"2024-03-01T23:43:41","date_gmt":"2024-03-01T22:43:41","guid":{"rendered":"https:\/\/gajostest.a2hosted.com\/eshop\/poddajne-zaj-vedeni-s-karabinou-ac\/"},"modified":"2026-04-14T22:50:27","modified_gmt":"2026-04-14T20:50:27","slug":"poddajne-zaj-vedeni-s-karabinou-ac","status":"publish","type":"product","link":"https:\/\/gajos.sk\/eshop\/p\/poddajne-zaj-vedeni-s-karabinou-ac\/","title":{"rendered":"Poddajn\u00e9 zaj. veden\u00ed s karabinou AC"},"content":{"rendered":"","protected":false},"excerpt":{"rendered":"<p>Lano pre zachyt\u00e1va\u010d p\u00e1du Catcher \u2013 polyamidov\u00e9 pleten\u00e9 lano priemer 12\u2009 mm s okom na hornom konci a ukon\u010den\u00edm na dolnom v d\u013a\u017ekach 10\/20\/30m.<\/p>\n","protected":false},"featured_media":353457,"template":"","meta":{"_acf_changed":false,"inline_featured_image":false},"product_brand":[],"product_cat":[2153,2556,2128],"product_tag":[1246],"class_list":{"0":"post-353455","1":"product","2":"type-product","3":"status-publish","4":"has-post-thumbnail","6":"product_cat-ochrana-proti-padu","7":"product_cat-zachytavac-padu","8":"product_cat-ochranne-pomocky","9":"product_tag-lanex","10":"pa_velkost-20-m","11":"pa_velkost-10-m","12":"pa_velkost-30-m","14":"first","15":"instock","16":"taxable","17":"shipping-taxable","18":"purchasable","19":"product-type-variable"},"acf":[],"_links":{"self":[{"href":"https:\/\/gajos.sk\/eshop\/wp-json\/wp\/v2\/product\/353455","targetHints":{"allow":["GET"]}}],"collection":[{"href":"https:\/\/gajos.sk\/eshop\/wp-json\/wp\/v2\/product"}],"about":[{"href":"https:\/\/gajos.sk\/eshop\/wp-json\/wp\/v2\/types\/product"}],"wp:featuredmedia":[{"embeddable":true,"href":"https:\/\/gajos.sk\/eshop\/wp-json\/wp\/v2\/media\/353457"}],"wp:attachment":[{"href":"https:\/\/gajos.sk\/eshop\/wp-json\/wp\/v2\/media?parent=353455"}],"wp:term":[{"taxonomy":"product_brand","embeddable":true,"href":"https:\/\/gajos.sk\/eshop\/wp-json\/wp\/v2\/product_brand?post=353455"},{"taxonomy":"product_cat","embeddable":true,"href":"https:\/\/gajos.sk\/eshop\/wp-json\/wp\/v2\/product_cat?post=353455"},{"taxonomy":"product_tag","embeddable":true,"href":"https:\/\/gajos.sk\/eshop\/wp-json\/wp\/v2\/product_tag?post=353455"}],"curies":[{"name":"wp","href":"https:\/\/api.w.org\/{rel}","templated":true}]}}