{"id":353451,"date":"2024-03-01T23:43:41","date_gmt":"2024-03-01T22:43:41","guid":{"rendered":"https:\/\/gajostest.a2hosted.com\/eshop\/horizontal-popruhovy-system-ae-3xx\/"},"modified":"2026-04-29T22:09:07","modified_gmt":"2026-04-29T20:09:07","slug":"horizontal-popruhovy-system-ae-3xx","status":"publish","type":"product","link":"https:\/\/gajos.sk\/eshop\/p\/horizontal-popruhovy-system-ae-3xx\/","title":{"rendered":"Horizont\u00e1l.popruhov\u00fd syst\u00e9m AE 3xx"},"content":{"rendered":"","protected":false},"excerpt":{"rendered":"<p>Do\u010dasn\u00fd horizont\u00e1lny popruhov\u00fd syst\u00e9m \u2013 mo\u017enos\u0165 regul\u00e1cie d\u013a\u017eky a dopnutie syst\u00e9mu pomocou ra\u010dne \u2013 s\u00fa\u010dasn\u00e9 istenie a\u017e troch os\u00f4b \u2013 10 m, 20 m. Certifik\u00e1cia pod\u013ea \u2013 EN 795 B (CE 0082).<\/p>\n","protected":false},"featured_media":353453,"template":"","meta":{"_acf_changed":false,"inline_featured_image":false},"product_brand":[],"product_cat":[2153,2171,2128],"product_tag":[1246],"class_list":{"0":"post-353451","1":"product","2":"type-product","3":"status-publish","4":"has-post-thumbnail","6":"product_cat-ochrana-proti-padu","7":"product_cat-kotviace-zariadenia","8":"product_cat-ochranne-pomocky","9":"product_tag-lanex","10":"pa_velkost-10-m","11":"pa_velkost-20-m","13":"first","14":"instock","15":"taxable","16":"shipping-taxable","17":"purchasable","18":"product-type-variable"},"acf":[],"_links":{"self":[{"href":"https:\/\/gajos.sk\/eshop\/wp-json\/wp\/v2\/product\/353451","targetHints":{"allow":["GET"]}}],"collection":[{"href":"https:\/\/gajos.sk\/eshop\/wp-json\/wp\/v2\/product"}],"about":[{"href":"https:\/\/gajos.sk\/eshop\/wp-json\/wp\/v2\/types\/product"}],"wp:featuredmedia":[{"embeddable":true,"href":"https:\/\/gajos.sk\/eshop\/wp-json\/wp\/v2\/media\/353453"}],"wp:attachment":[{"href":"https:\/\/gajos.sk\/eshop\/wp-json\/wp\/v2\/media?parent=353451"}],"wp:term":[{"taxonomy":"product_brand","embeddable":true,"href":"https:\/\/gajos.sk\/eshop\/wp-json\/wp\/v2\/product_brand?post=353451"},{"taxonomy":"product_cat","embeddable":true,"href":"https:\/\/gajos.sk\/eshop\/wp-json\/wp\/v2\/product_cat?post=353451"},{"taxonomy":"product_tag","embeddable":true,"href":"https:\/\/gajos.sk\/eshop\/wp-json\/wp\/v2\/product_tag?post=353451"}],"curies":[{"name":"wp","href":"https:\/\/api.w.org\/{rel}","templated":true}]}}