{"id":353438,"date":"2024-03-01T23:43:35","date_gmt":"2024-03-01T22:43:35","guid":{"rendered":"https:\/\/gajostest.a2hosted.com\/eshop\/static-lano-11\/"},"modified":"2026-04-20T00:57:53","modified_gmt":"2026-04-19T22:57:53","slug":"static-lano-11","status":"publish","type":"product","link":"https:\/\/gajos.sk\/eshop\/p\/static-lano-11\/","title":{"rendered":"STATIC lano 11"},"content":{"rendered":"","protected":false},"excerpt":{"rendered":"<p>\u2022 jemn\u00e1 manipul\u00e1cia, priedu\u0161nos\u0165 a dlh\u00e1 \u017eivotnos\u0165<\/p>\n","protected":false},"featured_media":353440,"template":"","meta":{"_acf_changed":false,"inline_featured_image":false},"product_brand":[],"product_cat":[2153,2128,2575],"product_tag":[1246],"class_list":{"0":"post-353438","1":"product","2":"type-product","3":"status-publish","4":"has-post-thumbnail","6":"product_cat-ochrana-proti-padu","7":"product_cat-ochranne-pomocky","8":"product_cat-lanovy-pristup-a-zachrana","9":"product_tag-lanex","10":"pa_farba-biela","11":"pa_velkost-50-m","12":"pa_velkost-40-m","13":"pa_velkost-30-m","14":"pa_velkost-60-m","16":"first","17":"instock","18":"taxable","19":"shipping-taxable","20":"purchasable","21":"product-type-variable"},"acf":[],"_links":{"self":[{"href":"https:\/\/gajos.sk\/eshop\/wp-json\/wp\/v2\/product\/353438","targetHints":{"allow":["GET"]}}],"collection":[{"href":"https:\/\/gajos.sk\/eshop\/wp-json\/wp\/v2\/product"}],"about":[{"href":"https:\/\/gajos.sk\/eshop\/wp-json\/wp\/v2\/types\/product"}],"wp:featuredmedia":[{"embeddable":true,"href":"https:\/\/gajos.sk\/eshop\/wp-json\/wp\/v2\/media\/353440"}],"wp:attachment":[{"href":"https:\/\/gajos.sk\/eshop\/wp-json\/wp\/v2\/media?parent=353438"}],"wp:term":[{"taxonomy":"product_brand","embeddable":true,"href":"https:\/\/gajos.sk\/eshop\/wp-json\/wp\/v2\/product_brand?post=353438"},{"taxonomy":"product_cat","embeddable":true,"href":"https:\/\/gajos.sk\/eshop\/wp-json\/wp\/v2\/product_cat?post=353438"},{"taxonomy":"product_tag","embeddable":true,"href":"https:\/\/gajos.sk\/eshop\/wp-json\/wp\/v2\/product_tag?post=353438"}],"curies":[{"name":"wp","href":"https:\/\/api.w.org\/{rel}","templated":true}]}}