{"id":353349,"date":"2024-03-01T23:41:47","date_gmt":"2024-03-01T22:41:47","guid":{"rendered":"https:\/\/gajostest.a2hosted.com\/eshop\/horizontalne-istiace-zar-safe-walk-20m\/"},"modified":"2026-04-11T17:51:48","modified_gmt":"2026-04-11T15:51:48","slug":"horizontalne-istiace-zar-safe-walk-20m","status":"publish","type":"product","link":"https:\/\/gajos.sk\/eshop\/p\/horizontalne-istiace-zar-safe-walk-20m\/","title":{"rendered":"Horizont\u00e1lne istiace zar. Safe walk 20m"},"content":{"rendered":"","protected":false},"excerpt":{"rendered":"<p>Fall safe SAFEWALK LIFELINE normy: EN 795:2012 B d\u013a\u017eka: 20 m hmotnos\u0165: 4,6 kg CHARAKTERISTIKA: prenosn\u00fd horizont\u00e1lny popruhov\u00fd syst\u00e9m s mo\u017enos\u0165ou regul\u00e1cie d\u013a\u017eky a dopnutia syst\u00e9mu pomocou ra\u010dne, s\u00fa\u010das\u0165ou je aj prenosn\u00e1 ta\u0161ka POU\u017dITIE: na vytvorenie kotevnej vodiacej dr\u00e1hy 2 osoby s\u00fa\u010dasne<\/p>\n","protected":false},"featured_media":353351,"template":"","meta":{"_acf_changed":false,"inline_featured_image":false},"product_brand":[],"product_cat":[2153,2171,2128],"product_tag":[1293],"class_list":{"0":"post-353349","1":"product","2":"type-product","3":"status-publish","4":"has-post-thumbnail","6":"product_cat-ochrana-proti-padu","7":"product_cat-kotviace-zariadenia","8":"product_cat-ochranne-pomocky","9":"product_tag-fallsafe","10":"pa_velkost-uni","12":"first","13":"instock","14":"taxable","15":"shipping-taxable","16":"product-type-variable"},"acf":[],"_links":{"self":[{"href":"https:\/\/gajos.sk\/eshop\/wp-json\/wp\/v2\/product\/353349","targetHints":{"allow":["GET"]}}],"collection":[{"href":"https:\/\/gajos.sk\/eshop\/wp-json\/wp\/v2\/product"}],"about":[{"href":"https:\/\/gajos.sk\/eshop\/wp-json\/wp\/v2\/types\/product"}],"wp:featuredmedia":[{"embeddable":true,"href":"https:\/\/gajos.sk\/eshop\/wp-json\/wp\/v2\/media\/353351"}],"wp:attachment":[{"href":"https:\/\/gajos.sk\/eshop\/wp-json\/wp\/v2\/media?parent=353349"}],"wp:term":[{"taxonomy":"product_brand","embeddable":true,"href":"https:\/\/gajos.sk\/eshop\/wp-json\/wp\/v2\/product_brand?post=353349"},{"taxonomy":"product_cat","embeddable":true,"href":"https:\/\/gajos.sk\/eshop\/wp-json\/wp\/v2\/product_cat?post=353349"},{"taxonomy":"product_tag","embeddable":true,"href":"https:\/\/gajos.sk\/eshop\/wp-json\/wp\/v2\/product_tag?post=353349"}],"curies":[{"name":"wp","href":"https:\/\/api.w.org\/{rel}","templated":true}]}}