{"id":353338,"date":"2024-03-01T23:41:40","date_gmt":"2024-03-01T22:41:40","guid":{"rendered":"https:\/\/gajostest.a2hosted.com\/eshop\/grabb-on-zachycovac-padu-na-lane\/"},"modified":"2026-04-11T17:51:48","modified_gmt":"2026-04-11T15:51:48","slug":"grabb-on-zachycovac-padu-na-lane","status":"publish","type":"product","link":"https:\/\/gajos.sk\/eshop\/p\/grabb-on-zachycovac-padu-na-lane\/","title":{"rendered":"GRABB-ON zachycova\u010d p\u00e1du na lane"},"content":{"rendered":"","protected":false},"excerpt":{"rendered":"<p>Fall safe FS600 Grab on Zachyt\u00e1va\u010d p\u00e1du s karab\u00ednami na lane 10m, 20m<\/p>\n","protected":false},"featured_media":353340,"template":"","meta":{"_acf_changed":false,"inline_featured_image":false},"product_brand":[],"product_cat":[2153,2556,2128],"product_tag":[1293],"class_list":{"0":"post-353338","1":"product","2":"type-product","3":"status-publish","4":"has-post-thumbnail","6":"product_cat-ochrana-proti-padu","7":"product_cat-zachytavac-padu","8":"product_cat-ochranne-pomocky","9":"product_tag-fallsafe","10":"pa_velkost-15-m","11":"pa_velkost-10-m","13":"first","14":"instock","15":"taxable","16":"shipping-taxable","17":"purchasable","18":"product-type-variable"},"acf":[],"_links":{"self":[{"href":"https:\/\/gajos.sk\/eshop\/wp-json\/wp\/v2\/product\/353338","targetHints":{"allow":["GET"]}}],"collection":[{"href":"https:\/\/gajos.sk\/eshop\/wp-json\/wp\/v2\/product"}],"about":[{"href":"https:\/\/gajos.sk\/eshop\/wp-json\/wp\/v2\/types\/product"}],"wp:featuredmedia":[{"embeddable":true,"href":"https:\/\/gajos.sk\/eshop\/wp-json\/wp\/v2\/media\/353340"}],"wp:attachment":[{"href":"https:\/\/gajos.sk\/eshop\/wp-json\/wp\/v2\/media?parent=353338"}],"wp:term":[{"taxonomy":"product_brand","embeddable":true,"href":"https:\/\/gajos.sk\/eshop\/wp-json\/wp\/v2\/product_brand?post=353338"},{"taxonomy":"product_cat","embeddable":true,"href":"https:\/\/gajos.sk\/eshop\/wp-json\/wp\/v2\/product_cat?post=353338"},{"taxonomy":"product_tag","embeddable":true,"href":"https:\/\/gajos.sk\/eshop\/wp-json\/wp\/v2\/product_tag?post=353338"}],"curies":[{"name":"wp","href":"https:\/\/api.w.org\/{rel}","templated":true}]}}