{"id":353142,"date":"2024-03-01T23:39:08","date_gmt":"2024-03-01T22:39:08","guid":{"rendered":"https:\/\/gajostest.a2hosted.com\/eshop\/atex-postroj-vybusne-prostredie\/"},"modified":"2026-04-20T00:56:43","modified_gmt":"2026-04-19T22:56:43","slug":"atex-postroj-vybusne-prostredie","status":"publish","type":"product","link":"https:\/\/gajos.sk\/eshop\/p\/atex-postroj-vybusne-prostredie\/","title":{"rendered":"ATEX postroj v\u00fdbu\u0161n\u00e9 prostredie"},"content":{"rendered":"","protected":false},"excerpt":{"rendered":"<p>Zachyt\u00e1vac\u00ed postroj Fall safe FS249 ATEX do v\u00fdbu\u0161n\u00e9ho prostredia. normy: EN 361 ve\u013ekosti: S\/M, L\/XL CHARAKTERISTIKA:  dva kotviace body, chrbtov\u00fd D kr\u00fa\u017eok a 2 hrudn\u00e9 slu\u010dky polyesterov\u00fd antistatick\u00fd popruh dielektrick\u00e9 spony a kotviace prvky do 9kV indik\u00e1tor zachytenia p\u00e1du nastavite\u013en\u00e9 ramenn\u00e9 a no\u017en\u00e9 popruhy<\/p>\n","protected":false},"featured_media":353144,"template":"","meta":{"_acf_changed":false,"inline_featured_image":false},"product_brand":[],"product_cat":[2154,2153,2128],"product_tag":[1293],"class_list":{"0":"post-353142","1":"product","2":"type-product","3":"status-publish","4":"has-post-thumbnail","6":"product_cat-postroje","7":"product_cat-ochrana-proti-padu","8":"product_cat-ochranne-pomocky","9":"product_tag-fallsafe","10":"pa_velkost-s-m","11":"pa_velkost-l-xl","13":"first","14":"instock","15":"taxable","16":"shipping-taxable","17":"purchasable","18":"product-type-variable"},"acf":[],"_links":{"self":[{"href":"https:\/\/gajos.sk\/eshop\/wp-json\/wp\/v2\/product\/353142","targetHints":{"allow":["GET"]}}],"collection":[{"href":"https:\/\/gajos.sk\/eshop\/wp-json\/wp\/v2\/product"}],"about":[{"href":"https:\/\/gajos.sk\/eshop\/wp-json\/wp\/v2\/types\/product"}],"wp:featuredmedia":[{"embeddable":true,"href":"https:\/\/gajos.sk\/eshop\/wp-json\/wp\/v2\/media\/353144"}],"wp:attachment":[{"href":"https:\/\/gajos.sk\/eshop\/wp-json\/wp\/v2\/media?parent=353142"}],"wp:term":[{"taxonomy":"product_brand","embeddable":true,"href":"https:\/\/gajos.sk\/eshop\/wp-json\/wp\/v2\/product_brand?post=353142"},{"taxonomy":"product_cat","embeddable":true,"href":"https:\/\/gajos.sk\/eshop\/wp-json\/wp\/v2\/product_cat?post=353142"},{"taxonomy":"product_tag","embeddable":true,"href":"https:\/\/gajos.sk\/eshop\/wp-json\/wp\/v2\/product_tag?post=353142"}],"curies":[{"name":"wp","href":"https:\/\/api.w.org\/{rel}","templated":true}]}}