{"id":353133,"date":"2024-03-01T23:39:03","date_gmt":"2024-03-01T22:39:03","guid":{"rendered":"https:\/\/gajostest.a2hosted.com\/eshop\/flash-comfort-postroj-en361358813\/"},"modified":"2026-05-06T21:59:57","modified_gmt":"2026-05-06T19:59:57","slug":"flash-comfort-postroj-en361358813","status":"publish","type":"product","link":"https:\/\/gajos.sk\/eshop\/p\/flash-comfort-postroj-en361358813\/","title":{"rendered":"FLASH comfort.postroj EN361,358,813"},"content":{"rendered":"","protected":false},"excerpt":{"rendered":"<p>FALL SAFE\u00ae FS240 &#8211; FLASH postroj, pre lanov\u00fd pr\u00edstup, z\u00e1chrany a \u010fal\u0161ie situ\u00e1cie vo v\u00fd\u0161ke, pracovn\u00e9 polohovanie . Sedem nastavovac\u00edch bodov na zv\u00fd\u0161enie komfortu pri pr\u00e1ci vo vise. Jednoduch\u00e9 obliekanie v\u010faka r\u00fdchlospon\u00e1m. S reflexn\u00fdmi prvkami a priedu\u0161n\u00fdm polstrovan\u00edm, Postroj kombinuje \u013eahk\u00fa kon\u0161trukciu s vysok\u00fdm komfortom a bezpe\u010dnos\u0165ou. Maxim\u00edlne za\u0165a\u017eenie: <140 KG ve\u013ekos\u0165 - v\u00e1ha: S\/M \u2013 2,370 Kg L\/XL \u2013 2,395 Kg XXL \u2013 2,420 Kg\n<\/p>\n","protected":false},"featured_media":353135,"template":"","meta":{"_acf_changed":false,"inline_featured_image":false},"product_brand":[],"product_cat":[2154,2153,2128],"product_tag":[1293],"class_list":{"0":"post-353133","1":"product","2":"type-product","3":"status-publish","4":"has-post-thumbnail","6":"product_cat-postroje","7":"product_cat-ochrana-proti-padu","8":"product_cat-ochranne-pomocky","9":"product_tag-fallsafe","10":"pa_velkost-xxl","11":"pa_velkost-s-m","12":"pa_velkost-l-xl","14":"first","15":"instock","16":"taxable","17":"shipping-taxable","18":"purchasable","19":"product-type-variable"},"acf":[],"_links":{"self":[{"href":"https:\/\/gajos.sk\/eshop\/wp-json\/wp\/v2\/product\/353133","targetHints":{"allow":["GET"]}}],"collection":[{"href":"https:\/\/gajos.sk\/eshop\/wp-json\/wp\/v2\/product"}],"about":[{"href":"https:\/\/gajos.sk\/eshop\/wp-json\/wp\/v2\/types\/product"}],"wp:featuredmedia":[{"embeddable":true,"href":"https:\/\/gajos.sk\/eshop\/wp-json\/wp\/v2\/media\/353135"}],"wp:attachment":[{"href":"https:\/\/gajos.sk\/eshop\/wp-json\/wp\/v2\/media?parent=353133"}],"wp:term":[{"taxonomy":"product_brand","embeddable":true,"href":"https:\/\/gajos.sk\/eshop\/wp-json\/wp\/v2\/product_brand?post=353133"},{"taxonomy":"product_cat","embeddable":true,"href":"https:\/\/gajos.sk\/eshop\/wp-json\/wp\/v2\/product_cat?post=353133"},{"taxonomy":"product_tag","embeddable":true,"href":"https:\/\/gajos.sk\/eshop\/wp-json\/wp\/v2\/product_tag?post=353133"}],"curies":[{"name":"wp","href":"https:\/\/api.w.org\/{rel}","templated":true}]}}