{"id":353113,"date":"2024-03-01T23:37:54","date_gmt":"2024-03-01T22:37:54","guid":{"rendered":"https:\/\/gajostest.a2hosted.com\/eshop\/zachycovaci-postroj-lx5\/"},"modified":"2026-04-29T22:09:06","modified_gmt":"2026-04-29T20:09:06","slug":"zachycovaci-postroj-lx5","status":"publish","type":"product","link":"https:\/\/gajos.sk\/eshop\/p\/zachycovaci-postroj-lx5\/","title":{"rendered":"Zachycovac\u00ed postroj LX5"},"content":{"rendered":"","protected":false},"excerpt":{"rendered":"<p>Celotelov\u00fd postroj s\u00a0hlin\u00edkov\u00fdmi r\u00fdchlosponami pre jednoduch\u00e9 pou\u017eitie. Polstrovanie nohavi\u010diek, polohovacieho p\u00e1su i\u00a0ramenn\u00fdch popruhov zaru\u010duje vysok\u00fd komfort. Predn\u00fd a\u00a0zadn\u00fd kotviaci prvok, polohovac\u00ed p\u00e1s, nov\u00fd syst\u00e9m u\u017e\u00edvate\u013esk\u00e9ho zna\u010denia. Ve\u013ekos\u0165 M\u2013XL (1650g), XXL (1750g).<\/p>\n","protected":false},"featured_media":353115,"template":"","meta":{"_acf_changed":false,"inline_featured_image":false},"product_brand":[],"product_cat":[2154,2153,2128],"product_tag":[1246],"class_list":{"0":"post-353113","1":"product","2":"type-product","3":"status-publish","4":"has-post-thumbnail","6":"product_cat-postroje","7":"product_cat-ochrana-proti-padu","8":"product_cat-ochranne-pomocky","9":"product_tag-lanex","10":"pa_velkost-xxl","11":"pa_velkost-m-xl","13":"first","14":"instock","15":"taxable","16":"shipping-taxable","17":"purchasable","18":"product-type-variable"},"acf":[],"_links":{"self":[{"href":"https:\/\/gajos.sk\/eshop\/wp-json\/wp\/v2\/product\/353113","targetHints":{"allow":["GET"]}}],"collection":[{"href":"https:\/\/gajos.sk\/eshop\/wp-json\/wp\/v2\/product"}],"about":[{"href":"https:\/\/gajos.sk\/eshop\/wp-json\/wp\/v2\/types\/product"}],"wp:featuredmedia":[{"embeddable":true,"href":"https:\/\/gajos.sk\/eshop\/wp-json\/wp\/v2\/media\/353115"}],"wp:attachment":[{"href":"https:\/\/gajos.sk\/eshop\/wp-json\/wp\/v2\/media?parent=353113"}],"wp:term":[{"taxonomy":"product_brand","embeddable":true,"href":"https:\/\/gajos.sk\/eshop\/wp-json\/wp\/v2\/product_brand?post=353113"},{"taxonomy":"product_cat","embeddable":true,"href":"https:\/\/gajos.sk\/eshop\/wp-json\/wp\/v2\/product_cat?post=353113"},{"taxonomy":"product_tag","embeddable":true,"href":"https:\/\/gajos.sk\/eshop\/wp-json\/wp\/v2\/product_tag?post=353113"}],"curies":[{"name":"wp","href":"https:\/\/api.w.org\/{rel}","templated":true}]}}