{"id":352867,"date":"2024-03-01T23:33:31","date_gmt":"2024-03-01T22:33:31","guid":{"rendered":"https:\/\/gajostest.a2hosted.com\/eshop\/sani-evo-3-vrstva-rouska\/"},"modified":"2026-04-11T17:51:46","modified_gmt":"2026-04-11T15:51:46","slug":"sani-evo-3-vrstva-rouska","status":"publish","type":"product","link":"https:\/\/gajos.sk\/eshop\/p\/sani-evo-3-vrstva-rouska\/","title":{"rendered":"SANI EVO &#8211; 3 vrstv\u00e1 rou\u0161ka"},"content":{"rendered":"","protected":false},"excerpt":{"rendered":"<p>Trojvrstvov\u00e1 \u00fastenka s gumi\u010dkami.<br \/>\nOpakovate\u013ene pou\u017eite\u013en\u00e1 a je mo\u017en\u00e9 ju pra\u0165 a\u017e 5x.<br \/>\nBalenie obsahuje 10 kusov.<br \/>\nVyroben\u00e9 v E\u00da.<\/p>\n","protected":false},"featured_media":352869,"template":"","meta":{"_acf_changed":false,"inline_featured_image":false},"product_brand":[],"product_cat":[2146,2172,2128],"product_tag":[1179],"class_list":{"0":"post-352867","1":"product","2":"type-product","3":"status-publish","4":"has-post-thumbnail","6":"product_cat-ochrana-dychacich-ciest","7":"product_cat-tvarova-maska","8":"product_cat-ochranne-pomocky","9":"product_tag-cerva","10":"pa_velkost-uni","12":"first","13":"instock","14":"taxable","15":"shipping-taxable","16":"product-type-variable"},"acf":[],"_links":{"self":[{"href":"https:\/\/gajos.sk\/eshop\/wp-json\/wp\/v2\/product\/352867","targetHints":{"allow":["GET"]}}],"collection":[{"href":"https:\/\/gajos.sk\/eshop\/wp-json\/wp\/v2\/product"}],"about":[{"href":"https:\/\/gajos.sk\/eshop\/wp-json\/wp\/v2\/types\/product"}],"wp:featuredmedia":[{"embeddable":true,"href":"https:\/\/gajos.sk\/eshop\/wp-json\/wp\/v2\/media\/352869"}],"wp:attachment":[{"href":"https:\/\/gajos.sk\/eshop\/wp-json\/wp\/v2\/media?parent=352867"}],"wp:term":[{"taxonomy":"product_brand","embeddable":true,"href":"https:\/\/gajos.sk\/eshop\/wp-json\/wp\/v2\/product_brand?post=352867"},{"taxonomy":"product_cat","embeddable":true,"href":"https:\/\/gajos.sk\/eshop\/wp-json\/wp\/v2\/product_cat?post=352867"},{"taxonomy":"product_tag","embeddable":true,"href":"https:\/\/gajos.sk\/eshop\/wp-json\/wp\/v2\/product_tag?post=352867"}],"curies":[{"name":"wp","href":"https:\/\/api.w.org\/{rel}","templated":true}]}}