{"id":352429,"date":"2024-03-01T23:25:04","date_gmt":"2024-03-01T22:25:04","guid":{"rendered":"https:\/\/gajostest.a2hosted.com\/eshop\/3m-m-935-tesnenie-pre-m-100m-300\/"},"modified":"2026-04-19T07:14:51","modified_gmt":"2026-04-19T05:14:51","slug":"3m-m-935-tesnenie-pre-m-100m-300","status":"publish","type":"product","link":"https:\/\/gajos.sk\/eshop\/p\/3m-m-935-tesnenie-pre-m-100m-300\/","title":{"rendered":"3M M-935 tesnenie pre M-100,M-300"},"content":{"rendered":"","protected":false},"excerpt":{"rendered":"<p>Tv\u00e1rov\u00e9 tesnenie, Standard, M-935 je biele tv\u00e1rov\u00e9 tesnenie ur\u010den\u00e9 na pou\u017eitie s produktmi 3M\u2122 Versaflo\u2122 radu M-100, M-200 a M-300.<\/p>\n","protected":false},"featured_media":352431,"template":"","meta":{"_acf_changed":false,"inline_featured_image":false},"product_brand":[],"product_cat":[2146,2538,2128],"product_tag":[1275],"class_list":{"0":"post-352429","1":"product","2":"type-product","3":"status-publish","4":"has-post-thumbnail","6":"product_cat-ochrana-dychacich-ciest","7":"product_cat-prislusenstvo-ochrana-dychacich-ciest","8":"product_cat-ochranne-pomocky","9":"product_tag-3m","10":"pa_velkost-uni","12":"first","13":"instock","14":"taxable","15":"shipping-taxable","16":"purchasable","17":"product-type-variable"},"acf":[],"_links":{"self":[{"href":"https:\/\/gajos.sk\/eshop\/wp-json\/wp\/v2\/product\/352429","targetHints":{"allow":["GET"]}}],"collection":[{"href":"https:\/\/gajos.sk\/eshop\/wp-json\/wp\/v2\/product"}],"about":[{"href":"https:\/\/gajos.sk\/eshop\/wp-json\/wp\/v2\/types\/product"}],"wp:featuredmedia":[{"embeddable":true,"href":"https:\/\/gajos.sk\/eshop\/wp-json\/wp\/v2\/media\/352431"}],"wp:attachment":[{"href":"https:\/\/gajos.sk\/eshop\/wp-json\/wp\/v2\/media?parent=352429"}],"wp:term":[{"taxonomy":"product_brand","embeddable":true,"href":"https:\/\/gajos.sk\/eshop\/wp-json\/wp\/v2\/product_brand?post=352429"},{"taxonomy":"product_cat","embeddable":true,"href":"https:\/\/gajos.sk\/eshop\/wp-json\/wp\/v2\/product_cat?post=352429"},{"taxonomy":"product_tag","embeddable":true,"href":"https:\/\/gajos.sk\/eshop\/wp-json\/wp\/v2\/product_tag?post=352429"}],"curies":[{"name":"wp","href":"https:\/\/api.w.org\/{rel}","templated":true}]}}