{"id":352199,"date":"2024-03-01T23:19:44","date_gmt":"2024-03-01T22:19:44","guid":{"rendered":"https:\/\/gajostest.a2hosted.com\/eshop\/3m-tr-6310e-a2p-filter-versaflo\/"},"modified":"2026-04-19T07:14:50","modified_gmt":"2026-04-19T05:14:50","slug":"3m-tr-6310e-a2p-filter-versaflo","status":"publish","type":"product","link":"https:\/\/gajos.sk\/eshop\/p\/3m-tr-6310e-a2p-filter-versaflo\/","title":{"rendered":"3M TR-6310E A2P FILTER VERSAFLO"},"content":{"rendered":"","protected":false},"excerpt":{"rendered":"<p>TR-6310E, 3M\u2122 Versaflo\u2122 Filtr A2P &#8211; Organick\u00e9 plyny a v\u00fdpary (bod varu > 65\u00b0C) a \u010d\u00e1stice<\/p>\n<p>TR-6310E je A2P Filtr pro pou\u017eit\u00ed s 3M\u2122 Versaflo\u2122 Jednotkou s pohonem vzduchu TR-600. Filtr p\u0159ikl\u00e1dejte p\u0159\u00edmo k turbu jednotky. 3M doporu\u010duje pou\u017eit\u00ed s TR-6300FC Krytem filtru pro ochranu proti fyzick\u00e9mu po\u0161kozen\u00ed. TR-6300FC Kryt filtru je tak\u00e9 pou\u017e\u00edv\u00e1n pro dr\u017een\u00ed TR-6600 P\u0159edfiltru nebo TR-662 Lapa\u010de jisker.<\/p>\n<p>3M doporu\u010duje pou\u017eit\u00ed s TR6300FC krytem filtru pro ochranu proti fyzick\u00e9mu po\u0161kozen\u00ed.<br \/>\nV p\u0159\u00edpad\u011b nasycen\u00ed, po\u0161kozen\u00ed \u010di opot\u0159eben\u00ed vym\u011b\u0148te<br \/>\nOrigin\u00e1ln\u00ed p\u0159\u00edslu\u0161enstv\u00ed 3M\u2122<\/p>\n<p>Filtr 3M A2 je vhodn\u00fd proti rizik\u016fm jako jsou organick\u00e9 plyny a v\u00fdpary.<\/p>\n","protected":false},"featured_media":352201,"template":"","meta":{"_acf_changed":false,"inline_featured_image":false},"product_brand":[],"product_cat":[2146,2543,2539,2128],"product_tag":[1275],"class_list":{"0":"post-352199","1":"product","2":"type-product","3":"status-publish","4":"has-post-thumbnail","6":"product_cat-ochrana-dychacich-ciest","7":"product_cat-filtre","8":"product_cat-polotvarove-masky-a-celotvarove-masky","9":"product_cat-ochranne-pomocky","10":"product_tag-3m","11":"pa_velkost-uni","13":"first","14":"instock","15":"taxable","16":"shipping-taxable","17":"purchasable","18":"product-type-variable"},"acf":[],"_links":{"self":[{"href":"https:\/\/gajos.sk\/eshop\/wp-json\/wp\/v2\/product\/352199","targetHints":{"allow":["GET"]}}],"collection":[{"href":"https:\/\/gajos.sk\/eshop\/wp-json\/wp\/v2\/product"}],"about":[{"href":"https:\/\/gajos.sk\/eshop\/wp-json\/wp\/v2\/types\/product"}],"wp:featuredmedia":[{"embeddable":true,"href":"https:\/\/gajos.sk\/eshop\/wp-json\/wp\/v2\/media\/352201"}],"wp:attachment":[{"href":"https:\/\/gajos.sk\/eshop\/wp-json\/wp\/v2\/media?parent=352199"}],"wp:term":[{"taxonomy":"product_brand","embeddable":true,"href":"https:\/\/gajos.sk\/eshop\/wp-json\/wp\/v2\/product_brand?post=352199"},{"taxonomy":"product_cat","embeddable":true,"href":"https:\/\/gajos.sk\/eshop\/wp-json\/wp\/v2\/product_cat?post=352199"},{"taxonomy":"product_tag","embeddable":true,"href":"https:\/\/gajos.sk\/eshop\/wp-json\/wp\/v2\/product_tag?post=352199"}],"curies":[{"name":"wp","href":"https:\/\/api.w.org\/{rel}","templated":true}]}}