{"id":352020,"date":"2024-03-01T23:15:48","date_gmt":"2024-03-01T22:15:48","guid":{"rendered":"https:\/\/gajostest.a2hosted.com\/eshop\/cm-6-celotvarova-maska\/"},"modified":"2026-05-07T21:54:29","modified_gmt":"2026-05-07T19:54:29","slug":"cm-6-celotvarova-maska","status":"publish","type":"product","link":"https:\/\/gajos.sk\/eshop\/p\/cm-6-celotvarova-maska\/","title":{"rendered":"CM-6 celotv\u00e1rov\u00e1 maska"},"content":{"rendered":"","protected":false},"excerpt":{"rendered":"<p>Maska CM-6 zais\u0165uje spo\u013eahliv\u00fa ochrann\u00fa funkciu v teplotnom rozsahu -30 \u02daC a\u017e +70 \u02daC. Ve\u013ekoplo\u0161n\u00fd panoramatick\u00fd polykarbon\u00e1tov\u00fd zorn\u00edk zais\u0165uje ve\u013emi dobr\u00fa priestorov\u00fa orient\u00e1ciu s minim\u00e1lnym skreslen\u00edm pri obvykl\u00fdch \u010dinnostiach. Kon\u0161truk\u010dn\u00e9 rie\u0161enie l\u00edcnice masky CM-6 a n\u00edzky d\u00fdchac\u00ed odpor poskytuj\u00fa u\u017e\u00edvate\u013eovi vysok\u00fd komfort a mo\u017enos\u0165 dlhodob\u00e9ho pou\u017eitia.<\/p>\n","protected":false},"featured_media":352022,"template":"","meta":{"_acf_changed":false,"inline_featured_image":false},"product_brand":[],"product_cat":[2146,2542,2539,2128],"product_tag":[1179],"class_list":{"0":"post-352020","1":"product","2":"type-product","3":"status-publish","4":"has-post-thumbnail","6":"product_cat-ochrana-dychacich-ciest","7":"product_cat-celotvarove-masky","8":"product_cat-polotvarove-masky-a-celotvarove-masky","9":"product_cat-ochranne-pomocky","10":"product_tag-cerva","11":"pa_velkost-m-l","13":"first","14":"instock","15":"taxable","16":"shipping-taxable","17":"purchasable","18":"product-type-variable"},"acf":[],"_links":{"self":[{"href":"https:\/\/gajos.sk\/eshop\/wp-json\/wp\/v2\/product\/352020","targetHints":{"allow":["GET"]}}],"collection":[{"href":"https:\/\/gajos.sk\/eshop\/wp-json\/wp\/v2\/product"}],"about":[{"href":"https:\/\/gajos.sk\/eshop\/wp-json\/wp\/v2\/types\/product"}],"wp:featuredmedia":[{"embeddable":true,"href":"https:\/\/gajos.sk\/eshop\/wp-json\/wp\/v2\/media\/352022"}],"wp:attachment":[{"href":"https:\/\/gajos.sk\/eshop\/wp-json\/wp\/v2\/media?parent=352020"}],"wp:term":[{"taxonomy":"product_brand","embeddable":true,"href":"https:\/\/gajos.sk\/eshop\/wp-json\/wp\/v2\/product_brand?post=352020"},{"taxonomy":"product_cat","embeddable":true,"href":"https:\/\/gajos.sk\/eshop\/wp-json\/wp\/v2\/product_cat?post=352020"},{"taxonomy":"product_tag","embeddable":true,"href":"https:\/\/gajos.sk\/eshop\/wp-json\/wp\/v2\/product_tag?post=352020"}],"curies":[{"name":"wp","href":"https:\/\/api.w.org\/{rel}","templated":true}]}}