{"id":352011,"date":"2024-03-01T23:15:38","date_gmt":"2024-03-01T22:15:38","guid":{"rendered":"https:\/\/gajostest.a2hosted.com\/eshop\/sr-344-ulozny-box\/"},"modified":"2026-04-18T01:56:45","modified_gmt":"2026-04-17T23:56:45","slug":"sr-344-ulozny-box","status":"publish","type":"product","link":"https:\/\/gajos.sk\/eshop\/p\/sr-344-ulozny-box\/","title":{"rendered":"SR 344 \u00dalo\u017en\u00fd box"},"content":{"rendered":"","protected":false},"excerpt":{"rendered":"<p>\u00dalo\u017en\u00fd box ur\u010den\u00fd na \u00faschovu ve\u013ek\u00fdch produktov na ochranu dychu ako je SR 200 celotv\u00e1rov\u00e1 maska s filtrami a pr\u00edslu\u0161enstvom.<\/p>\n","protected":false},"featured_media":352013,"template":"","meta":{"_acf_changed":false,"inline_featured_image":false},"product_brand":[],"product_cat":[2146,2538,2128],"product_tag":[2525],"class_list":{"0":"post-352011","1":"product","2":"type-product","3":"status-publish","4":"has-post-thumbnail","6":"product_cat-ochrana-dychacich-ciest","7":"product_cat-prislusenstvo-ochrana-dychacich-ciest","8":"product_cat-ochranne-pomocky","9":"product_tag-sundstrom","10":"pa_velkost-uni","12":"first","13":"instock","14":"taxable","15":"shipping-taxable","16":"purchasable","17":"product-type-variable"},"acf":[],"_links":{"self":[{"href":"https:\/\/gajos.sk\/eshop\/wp-json\/wp\/v2\/product\/352011","targetHints":{"allow":["GET"]}}],"collection":[{"href":"https:\/\/gajos.sk\/eshop\/wp-json\/wp\/v2\/product"}],"about":[{"href":"https:\/\/gajos.sk\/eshop\/wp-json\/wp\/v2\/types\/product"}],"wp:featuredmedia":[{"embeddable":true,"href":"https:\/\/gajos.sk\/eshop\/wp-json\/wp\/v2\/media\/352013"}],"wp:attachment":[{"href":"https:\/\/gajos.sk\/eshop\/wp-json\/wp\/v2\/media?parent=352011"}],"wp:term":[{"taxonomy":"product_brand","embeddable":true,"href":"https:\/\/gajos.sk\/eshop\/wp-json\/wp\/v2\/product_brand?post=352011"},{"taxonomy":"product_cat","embeddable":true,"href":"https:\/\/gajos.sk\/eshop\/wp-json\/wp\/v2\/product_cat?post=352011"},{"taxonomy":"product_tag","embeddable":true,"href":"https:\/\/gajos.sk\/eshop\/wp-json\/wp\/v2\/product_tag?post=352011"}],"curies":[{"name":"wp","href":"https:\/\/api.w.org\/{rel}","templated":true}]}}