{"id":352005,"date":"2024-03-01T23:15:38","date_gmt":"2024-03-01T22:15:38","guid":{"rendered":"https:\/\/gajostest.a2hosted.com\/eshop\/sr-200-celooblicej-maska-pc-zornik\/"},"modified":"2026-04-15T22:00:56","modified_gmt":"2026-04-15T20:00:56","slug":"sr-200-celooblicej-maska-pc-zornik","status":"publish","type":"product","link":"https:\/\/gajos.sk\/eshop\/p\/sr-200-celooblicej-maska-pc-zornik\/","title":{"rendered":"SR 200 celoobli\u010dej. maska, PC zorn\u00edk"},"content":{"rendered":"","protected":false},"excerpt":{"rendered":"<p>skvelo sediaca celotv\u00e1rov\u00e1 maska s vysokou \u00farov\u0148ou ochrany, ochranou o\u010d\u00ed a vysok\u00fdm komfortom d\u00fdchania pri pou\u017eit\u00ed v najn\u00e1ro\u010dnej\u0161\u00edch pracovn\u00fdch prostrediach; celotv\u00e1rov\u00e1 maska SR 200 maska je vyroben\u00e1 zo silik\u00f3nu a je vyr\u00e1ban\u00e1 v jednej ve\u013ekosti, ktor\u00e1 bude vyhovova\u0165 v\u00e4\u010d\u0161ine ve\u013ekost\u00ed tv\u00e1ri; maska je vybaven\u00e1 tromi n\u00e1dychov\u00fdmi ventilmi a dvomi v\u00fddychov\u00fdmi ventilmi, a preto kladie ve\u013emi n\u00edzky odpor pri d\u00fdchan\u00ed<\/p>\n","protected":false},"featured_media":352007,"template":"","meta":{"_acf_changed":false,"inline_featured_image":false},"product_brand":[],"product_cat":[2146,2542,2539,2128],"product_tag":[2525],"class_list":{"0":"post-352005","1":"product","2":"type-product","3":"status-publish","4":"has-post-thumbnail","6":"product_cat-ochrana-dychacich-ciest","7":"product_cat-celotvarove-masky","8":"product_cat-polotvarove-masky-a-celotvarove-masky","9":"product_cat-ochranne-pomocky","10":"product_tag-sundstrom","11":"pa_velkost-uni","13":"first","14":"instock","15":"taxable","16":"shipping-taxable","17":"purchasable","18":"product-type-variable"},"acf":[],"_links":{"self":[{"href":"https:\/\/gajos.sk\/eshop\/wp-json\/wp\/v2\/product\/352005","targetHints":{"allow":["GET"]}}],"collection":[{"href":"https:\/\/gajos.sk\/eshop\/wp-json\/wp\/v2\/product"}],"about":[{"href":"https:\/\/gajos.sk\/eshop\/wp-json\/wp\/v2\/types\/product"}],"wp:featuredmedia":[{"embeddable":true,"href":"https:\/\/gajos.sk\/eshop\/wp-json\/wp\/v2\/media\/352007"}],"wp:attachment":[{"href":"https:\/\/gajos.sk\/eshop\/wp-json\/wp\/v2\/media?parent=352005"}],"wp:term":[{"taxonomy":"product_brand","embeddable":true,"href":"https:\/\/gajos.sk\/eshop\/wp-json\/wp\/v2\/product_brand?post=352005"},{"taxonomy":"product_cat","embeddable":true,"href":"https:\/\/gajos.sk\/eshop\/wp-json\/wp\/v2\/product_cat?post=352005"},{"taxonomy":"product_tag","embeddable":true,"href":"https:\/\/gajos.sk\/eshop\/wp-json\/wp\/v2\/product_tag?post=352005"}],"curies":[{"name":"wp","href":"https:\/\/api.w.org\/{rel}","templated":true}]}}