{"id":351997,"date":"2024-03-01T23:15:32","date_gmt":"2024-03-01T22:15:32","guid":{"rendered":"https:\/\/gajostest.a2hosted.com\/eshop\/jsp-force10-typhoon-celotvarova-maska\/"},"modified":"2026-04-20T00:56:39","modified_gmt":"2026-04-19T22:56:39","slug":"jsp-force10-typhoon-celotvarova-maska","status":"publish","type":"product","link":"https:\/\/gajos.sk\/eshop\/p\/jsp-force10-typhoon-celotvarova-maska\/","title":{"rendered":"JSP Force10 Typhoon celotv\u00e1rov\u00e1 maska"},"content":{"rendered":"","protected":false},"excerpt":{"rendered":"<p>Celotv\u00e1rov\u00e1 maska je multifunk\u010dn\u00fdm prostriedkom ochrany d\u00fdchac\u00edch org\u00e1nov, ve\u013emi dobre ergonomicky vyv\u00e1\u017een\u00e1. Vysok\u00fd komfort aj pri dlhodobom nosen\u00ed. PC panoramatick\u00fd zorn\u00edk s ochranou proti zahmleniu a po\u0161kriabaniu. Zorn\u00edk chr\u00e1ni proti n\u00e1razom so strednou energiou (B). Inovat\u00edvny v\u00fddychov\u00fd ventil Typhoon\u2122 pre redukciu tepla a proti tvorbe vlhkosti. Plne nastavite\u013en\u00fd 5bodov\u00fd postroj zaist\u00ed pohodlie a optim\u00e1lnu pri\u013enavos\u0165. Bajonetov\u00fd up\u00ednac\u00ed syst\u00e9m zaru\u010duje bezpe\u010dn\u00e9 pripevnenie filtrov.<\/p>\n","protected":false},"featured_media":351999,"template":"","meta":{"_acf_changed":false,"inline_featured_image":false},"product_brand":[],"product_cat":[2146,2542,2539,2128],"product_tag":[1209],"class_list":{"0":"post-351997","1":"product","2":"type-product","3":"status-publish","4":"has-post-thumbnail","6":"product_cat-ochrana-dychacich-ciest","7":"product_cat-celotvarove-masky","8":"product_cat-polotvarove-masky-a-celotvarove-masky","9":"product_cat-ochranne-pomocky","10":"product_tag-jsp","11":"pa_velkost-s-m-l","13":"first","14":"instock","15":"taxable","16":"shipping-taxable","17":"purchasable","18":"product-type-variable"},"acf":[],"_links":{"self":[{"href":"https:\/\/gajos.sk\/eshop\/wp-json\/wp\/v2\/product\/351997","targetHints":{"allow":["GET"]}}],"collection":[{"href":"https:\/\/gajos.sk\/eshop\/wp-json\/wp\/v2\/product"}],"about":[{"href":"https:\/\/gajos.sk\/eshop\/wp-json\/wp\/v2\/types\/product"}],"wp:featuredmedia":[{"embeddable":true,"href":"https:\/\/gajos.sk\/eshop\/wp-json\/wp\/v2\/media\/351999"}],"wp:attachment":[{"href":"https:\/\/gajos.sk\/eshop\/wp-json\/wp\/v2\/media?parent=351997"}],"wp:term":[{"taxonomy":"product_brand","embeddable":true,"href":"https:\/\/gajos.sk\/eshop\/wp-json\/wp\/v2\/product_brand?post=351997"},{"taxonomy":"product_cat","embeddable":true,"href":"https:\/\/gajos.sk\/eshop\/wp-json\/wp\/v2\/product_cat?post=351997"},{"taxonomy":"product_tag","embeddable":true,"href":"https:\/\/gajos.sk\/eshop\/wp-json\/wp\/v2\/product_tag?post=351997"}],"curies":[{"name":"wp","href":"https:\/\/api.w.org\/{rel}","templated":true}]}}