{"id":351976,"date":"2024-03-01T23:15:14","date_gmt":"2024-03-01T22:15:14","guid":{"rendered":"https:\/\/gajostest.a2hosted.com\/eshop\/3m-6897-nahr-upinac-system-k-maske\/"},"modified":"2026-04-19T07:12:56","modified_gmt":"2026-04-19T05:12:56","slug":"3m-6897-nahr-upinac-system-k-maske","status":"publish","type":"product","link":"https:\/\/gajos.sk\/eshop\/p\/3m-6897-nahr-upinac-system-k-maske\/","title":{"rendered":"3M 6897 n\u00e1hr.up\u00ednac.syst\u00e9m k maske"},"content":{"rendered":"","protected":false},"excerpt":{"rendered":"<p>Sada pr\u00edslu\u0161enstva n\u00e1hlavn\u00e9ho popruhu obsahuje n\u00e1hlavn\u00fd popruh a pracky pre 3M\u2122 celotv\u00e1rov\u00fa masku radu 6000<\/p>\n","protected":false},"featured_media":0,"template":"","meta":{"_acf_changed":false,"inline_featured_image":false},"product_brand":[],"product_cat":[2146,2538,2128],"product_tag":[1275],"class_list":{"0":"post-351976","1":"product","2":"type-product","3":"status-publish","5":"product_cat-ochrana-dychacich-ciest","6":"product_cat-prislusenstvo-ochrana-dychacich-ciest","7":"product_cat-ochranne-pomocky","8":"product_tag-3m","9":"pa_velkost-uni","11":"first","12":"instock","13":"taxable","14":"shipping-taxable","15":"purchasable","16":"product-type-variable"},"acf":[],"_links":{"self":[{"href":"https:\/\/gajos.sk\/eshop\/wp-json\/wp\/v2\/product\/351976","targetHints":{"allow":["GET"]}}],"collection":[{"href":"https:\/\/gajos.sk\/eshop\/wp-json\/wp\/v2\/product"}],"about":[{"href":"https:\/\/gajos.sk\/eshop\/wp-json\/wp\/v2\/types\/product"}],"wp:attachment":[{"href":"https:\/\/gajos.sk\/eshop\/wp-json\/wp\/v2\/media?parent=351976"}],"wp:term":[{"taxonomy":"product_brand","embeddable":true,"href":"https:\/\/gajos.sk\/eshop\/wp-json\/wp\/v2\/product_brand?post=351976"},{"taxonomy":"product_cat","embeddable":true,"href":"https:\/\/gajos.sk\/eshop\/wp-json\/wp\/v2\/product_cat?post=351976"},{"taxonomy":"product_tag","embeddable":true,"href":"https:\/\/gajos.sk\/eshop\/wp-json\/wp\/v2\/product_tag?post=351976"}],"curies":[{"name":"wp","href":"https:\/\/api.w.org\/{rel}","templated":true}]}}