{"id":351942,"date":"2024-03-01T23:13:55","date_gmt":"2024-03-01T22:13:55","guid":{"rendered":"https:\/\/gajostest.a2hosted.com\/eshop\/3m-501-drziak-filtrov-2ks-bal\/"},"modified":"2026-04-19T07:12:56","modified_gmt":"2026-04-19T05:12:56","slug":"3m-501-drziak-filtrov-2ks-bal","status":"publish","type":"product","link":"https:\/\/gajos.sk\/eshop\/p\/3m-501-drziak-filtrov-2ks-bal\/","title":{"rendered":"3M 501 dr\u017eiak filtrov 2ks\/BAL"},"content":{"rendered":"","protected":false},"excerpt":{"rendered":"<p>Filtre radu 5000 je mo\u017en\u00e9 pou\u017ei\u0165 s filtrami radu 6000 iba v spojen\u00ed s dr\u017eiakom filtrov 501. Bez s\u00fa\u010dasn\u00e9ho pou\u017eitia filtov radu 6000 s filtrami radu 5000 je potrebn\u00e9 pou\u017ei\u0165 spojenie plo\u0161iny 603 a dr\u017eiaka filtra 501.<\/p>\n","protected":false},"featured_media":351944,"template":"","meta":{"_acf_changed":false,"inline_featured_image":false},"product_brand":[],"product_cat":[2146,2538,2128],"product_tag":[1275],"class_list":{"0":"post-351942","1":"product","2":"type-product","3":"status-publish","4":"has-post-thumbnail","6":"product_cat-ochrana-dychacich-ciest","7":"product_cat-prislusenstvo-ochrana-dychacich-ciest","8":"product_cat-ochranne-pomocky","9":"product_tag-3m","10":"pa_velkost-uni","12":"first","13":"instock","14":"taxable","15":"shipping-taxable","16":"purchasable","17":"product-type-variable"},"acf":[],"_links":{"self":[{"href":"https:\/\/gajos.sk\/eshop\/wp-json\/wp\/v2\/product\/351942","targetHints":{"allow":["GET"]}}],"collection":[{"href":"https:\/\/gajos.sk\/eshop\/wp-json\/wp\/v2\/product"}],"about":[{"href":"https:\/\/gajos.sk\/eshop\/wp-json\/wp\/v2\/types\/product"}],"wp:featuredmedia":[{"embeddable":true,"href":"https:\/\/gajos.sk\/eshop\/wp-json\/wp\/v2\/media\/351944"}],"wp:attachment":[{"href":"https:\/\/gajos.sk\/eshop\/wp-json\/wp\/v2\/media?parent=351942"}],"wp:term":[{"taxonomy":"product_brand","embeddable":true,"href":"https:\/\/gajos.sk\/eshop\/wp-json\/wp\/v2\/product_brand?post=351942"},{"taxonomy":"product_cat","embeddable":true,"href":"https:\/\/gajos.sk\/eshop\/wp-json\/wp\/v2\/product_cat?post=351942"},{"taxonomy":"product_tag","embeddable":true,"href":"https:\/\/gajos.sk\/eshop\/wp-json\/wp\/v2\/product_tag?post=351942"}],"curies":[{"name":"wp","href":"https:\/\/api.w.org\/{rel}","templated":true}]}}