{"id":351894,"date":"2024-03-01T23:13:25","date_gmt":"2024-03-01T22:13:25","guid":{"rendered":"https:\/\/gajostest.a2hosted.com\/eshop\/sr-900-polomaska\/"},"modified":"2026-04-15T22:00:56","modified_gmt":"2026-04-15T20:00:56","slug":"sr-900-polomaska","status":"publish","type":"product","link":"https:\/\/gajos.sk\/eshop\/p\/sr-900-polomaska\/","title":{"rendered":"SR 900 polomaska"},"content":{"rendered":"","protected":false},"excerpt":{"rendered":"<p>skvelo sediaca polomaska s vysokou \u00farov\u0148ou ochrany a vysok\u00fdm komfortom d\u00fdchania pri pou\u017eit\u00ed v najn\u00e1ro\u010dnej\u0161om pracovnom prostred\u00ed; polomaska SR 900 je vyroben\u00e1 z termoplastick\u00e9ho elastomeru (TPE) a polypropyl\u00e9nu (PP); maska je vybaven\u00e1 dvomi v\u00fddychov\u00fdmi ventilmi, ktor\u00e9 klad\u00fa ve\u013emi n\u00edzky odpor pri v\u00fddychu<\/p>\n","protected":false},"featured_media":351896,"template":"","meta":{"_acf_changed":false,"inline_featured_image":false},"product_brand":[],"product_cat":[2146,2539,2128],"product_tag":[2525],"class_list":{"0":"post-351894","1":"product","2":"type-product","3":"status-publish","4":"has-post-thumbnail","6":"product_cat-ochrana-dychacich-ciest","7":"product_cat-polotvarove-masky-a-celotvarove-masky","8":"product_cat-ochranne-pomocky","9":"product_tag-sundstrom","10":"pa_velkost-s-m-l","12":"first","13":"instock","14":"taxable","15":"shipping-taxable","16":"purchasable","17":"product-type-variable"},"acf":[],"_links":{"self":[{"href":"https:\/\/gajos.sk\/eshop\/wp-json\/wp\/v2\/product\/351894","targetHints":{"allow":["GET"]}}],"collection":[{"href":"https:\/\/gajos.sk\/eshop\/wp-json\/wp\/v2\/product"}],"about":[{"href":"https:\/\/gajos.sk\/eshop\/wp-json\/wp\/v2\/types\/product"}],"wp:featuredmedia":[{"embeddable":true,"href":"https:\/\/gajos.sk\/eshop\/wp-json\/wp\/v2\/media\/351896"}],"wp:attachment":[{"href":"https:\/\/gajos.sk\/eshop\/wp-json\/wp\/v2\/media?parent=351894"}],"wp:term":[{"taxonomy":"product_brand","embeddable":true,"href":"https:\/\/gajos.sk\/eshop\/wp-json\/wp\/v2\/product_brand?post=351894"},{"taxonomy":"product_cat","embeddable":true,"href":"https:\/\/gajos.sk\/eshop\/wp-json\/wp\/v2\/product_cat?post=351894"},{"taxonomy":"product_tag","embeddable":true,"href":"https:\/\/gajos.sk\/eshop\/wp-json\/wp\/v2\/product_tag?post=351894"}],"curies":[{"name":"wp","href":"https:\/\/api.w.org\/{rel}","templated":true}]}}