{"id":351880,"date":"2024-03-01T23:13:18","date_gmt":"2024-03-01T22:13:18","guid":{"rendered":"https:\/\/gajostest.a2hosted.com\/eshop\/sr-100-polomaska\/"},"modified":"2026-04-15T22:00:56","modified_gmt":"2026-04-15T20:00:56","slug":"sr-100-polomaska","status":"publish","type":"product","link":"https:\/\/gajos.sk\/eshop\/p\/sr-100-polomaska\/","title":{"rendered":"SR 100 polomaska"},"content":{"rendered":"","protected":false},"excerpt":{"rendered":"<p>skvelo sediaca polomaska s vysokou \u00farov\u0148ou ochrany a vysok\u00fdm komfortom d\u00fdchanie pri pou\u017eit\u00ed v najn\u00e1ro\u010dnej\u0161\u00edch pracovn\u00fdch prostrediach; polomaska SR 100 je vyroben\u00e1 zo silik\u00f3nu; maska je vybaven\u00e1 dvomi v\u00fddychov\u00fdmi ventilmi, ktor\u00e9 klad\u00fa ve\u013emi n\u00edzky odpor pri v\u00fddychu<\/p>\n","protected":false},"featured_media":351882,"template":"","meta":{"_acf_changed":false,"inline_featured_image":false},"product_brand":[],"product_cat":[2146,2539,2128],"product_tag":[2525],"class_list":{"0":"post-351880","1":"product","2":"type-product","3":"status-publish","4":"has-post-thumbnail","6":"product_cat-ochrana-dychacich-ciest","7":"product_cat-polotvarove-masky-a-celotvarove-masky","8":"product_cat-ochranne-pomocky","9":"product_tag-sundstrom","10":"pa_velkost-s-m-l","12":"first","13":"instock","14":"taxable","15":"shipping-taxable","16":"purchasable","17":"product-type-variable"},"acf":[],"_links":{"self":[{"href":"https:\/\/gajos.sk\/eshop\/wp-json\/wp\/v2\/product\/351880","targetHints":{"allow":["GET"]}}],"collection":[{"href":"https:\/\/gajos.sk\/eshop\/wp-json\/wp\/v2\/product"}],"about":[{"href":"https:\/\/gajos.sk\/eshop\/wp-json\/wp\/v2\/types\/product"}],"wp:featuredmedia":[{"embeddable":true,"href":"https:\/\/gajos.sk\/eshop\/wp-json\/wp\/v2\/media\/351882"}],"wp:attachment":[{"href":"https:\/\/gajos.sk\/eshop\/wp-json\/wp\/v2\/media?parent=351880"}],"wp:term":[{"taxonomy":"product_brand","embeddable":true,"href":"https:\/\/gajos.sk\/eshop\/wp-json\/wp\/v2\/product_brand?post=351880"},{"taxonomy":"product_cat","embeddable":true,"href":"https:\/\/gajos.sk\/eshop\/wp-json\/wp\/v2\/product_cat?post=351880"},{"taxonomy":"product_tag","embeddable":true,"href":"https:\/\/gajos.sk\/eshop\/wp-json\/wp\/v2\/product_tag?post=351880"}],"curies":[{"name":"wp","href":"https:\/\/api.w.org\/{rel}","templated":true}]}}