{"id":351834,"date":"2024-03-01T23:11:41","date_gmt":"2024-03-01T22:11:41","guid":{"rendered":"https:\/\/gajostest.a2hosted.com\/eshop\/respipro-vk-ffp2-2ks-respirator\/"},"modified":"2026-05-07T21:54:29","modified_gmt":"2026-05-07T19:54:29","slug":"respipro-vk-ffp2-2ks-respirator","status":"publish","type":"product","link":"https:\/\/gajos.sk\/eshop\/p\/respipro-vk-ffp2-2ks-respirator\/","title":{"rendered":"RespiPro VK FFP2 2ks respir\u00e1tor"},"content":{"rendered":"","protected":false},"excerpt":{"rendered":"<p>Zvo\u013ete si unik\u00e1tnu ochranu, ktor\u00e1 v\u00edrusy nielen zachyt\u00ed, ale aj \u00fa\u010dinne deaktivuje. FFP2 RespiPro VK dok\u00e1\u017ee prepoji\u0165 v\u00fdhody nanomembr\u00e1ny s patentovanou technol\u00f3giou akcelerovanej medi. V\u00fdsledkom je revolu\u010dn\u00fd samosteriliza\u010dn\u00ed respir\u00e1tor s typicky medenou farbou. Spo\u013eahlivo chr\u00e1ni v\u00e1s aj va\u0161e okolie bez nutnosti akoko\u013evek sa o ne \u0161peci\u00e1lne stara\u0165.<br \/>\nZa predpokladu, \u017ee respir\u00e1tor pou\u017e\u00edvate 5-6 hod\u00edn denne, vydr\u017e\u00ed v\u00e1m a\u017e 1 t\u00fd\u017ede\u0148. In\u00fdmi slovami 30 hod\u00edn kumulovane.<br \/>\nPre lep\u0161ie prisp\u00f4sobenie vyu\u017eite plastov\u00fa sponu na zopnutie gumi\u010diek za hlavou, ktor\u00e1 je s\u00fa\u010das\u0165ou balenia.<br \/>\nExtr\u00e9mne \u013eahk\u00fd a pohodln\u00fd. V ponuke vo ve\u013ekostiach M a L. V\u00e1ha 3,7g.<br \/>\nVyroben\u00e9 v \u010ceskej republike.<br \/>\nBalenie obsahuje 2 respir\u00e1tory.<\/p>\n","protected":false},"featured_media":351836,"template":"","meta":{"_acf_changed":false,"inline_featured_image":false},"product_brand":[],"product_cat":[2146,2147,2148,2128],"product_tag":[1179],"class_list":{"0":"post-351834","1":"product","2":"type-product","3":"status-publish","4":"has-post-thumbnail","6":"product_cat-ochrana-dychacich-ciest","7":"product_cat-respiratory","8":"product_cat-ffp2","9":"product_cat-ochranne-pomocky","10":"product_tag-cerva","11":"pa_velkost-l","12":"pa_velkost-m","14":"first","15":"instock","16":"taxable","17":"shipping-taxable","18":"purchasable","19":"product-type-variable"},"acf":[],"_links":{"self":[{"href":"https:\/\/gajos.sk\/eshop\/wp-json\/wp\/v2\/product\/351834","targetHints":{"allow":["GET"]}}],"collection":[{"href":"https:\/\/gajos.sk\/eshop\/wp-json\/wp\/v2\/product"}],"about":[{"href":"https:\/\/gajos.sk\/eshop\/wp-json\/wp\/v2\/types\/product"}],"wp:featuredmedia":[{"embeddable":true,"href":"https:\/\/gajos.sk\/eshop\/wp-json\/wp\/v2\/media\/351836"}],"wp:attachment":[{"href":"https:\/\/gajos.sk\/eshop\/wp-json\/wp\/v2\/media?parent=351834"}],"wp:term":[{"taxonomy":"product_brand","embeddable":true,"href":"https:\/\/gajos.sk\/eshop\/wp-json\/wp\/v2\/product_brand?post=351834"},{"taxonomy":"product_cat","embeddable":true,"href":"https:\/\/gajos.sk\/eshop\/wp-json\/wp\/v2\/product_cat?post=351834"},{"taxonomy":"product_tag","embeddable":true,"href":"https:\/\/gajos.sk\/eshop\/wp-json\/wp\/v2\/product_tag?post=351834"}],"curies":[{"name":"wp","href":"https:\/\/api.w.org\/{rel}","templated":true}]}}