{"id":351795,"date":"2024-03-01T23:11:22","date_gmt":"2024-03-01T22:11:22","guid":{"rendered":"https:\/\/gajostest.a2hosted.com\/eshop\/ff-naab-ffp2-respirator-xgm-95-50-box\/"},"modified":"2026-04-18T01:56:44","modified_gmt":"2026-04-17T23:56:44","slug":"ff-naab-ffp2-respirator-xgm-95-50-box","status":"publish","type":"product","link":"https:\/\/gajos.sk\/eshop\/p\/ff-naab-ffp2-respirator-xgm-95-50-box\/","title":{"rendered":"FF NAAB FFP2 respir\u00e1tor XGM-95 &#8211; 50\/box"},"content":{"rendered":"","protected":false},"excerpt":{"rendered":"<p>Skladan\u00fd FFP2 respir\u00e1tor s gumi\u010dkami s uchyten\u00edm za u\u0161i. V\u0161it\u00fd m\u00e4kk\u00fd kovov\u00fd nosn\u00edk.<br \/>\nBalenie obsahuje 50 kusov, ka\u017ed\u00fd kus je balen\u00fd samostatne vo vrec\u00fa\u0161ku.<br \/>\nPre lep\u0161ie prisp\u00f4sobenie vyu\u017eite plastov\u00fa sponu na zopnutie gumi\u010diek za hlavou, ktor\u00e1 je s\u00fa\u010das\u0165ou balenia.<\/p>\n","protected":false},"featured_media":351797,"template":"","meta":{"_acf_changed":false,"inline_featured_image":false},"product_brand":[],"product_cat":[2146,2147,2148,2128],"product_tag":[1228],"class_list":{"0":"post-351795","1":"product","2":"type-product","3":"status-publish","4":"has-post-thumbnail","6":"product_cat-ochrana-dychacich-ciest","7":"product_cat-respiratory","8":"product_cat-ffp2","9":"product_cat-ochranne-pomocky","10":"product_tag-fridrich-fridrich","11":"pa_velkost-uni","13":"first","14":"instock","15":"taxable","16":"shipping-taxable","17":"purchasable","18":"product-type-variable"},"acf":[],"_links":{"self":[{"href":"https:\/\/gajos.sk\/eshop\/wp-json\/wp\/v2\/product\/351795","targetHints":{"allow":["GET"]}}],"collection":[{"href":"https:\/\/gajos.sk\/eshop\/wp-json\/wp\/v2\/product"}],"about":[{"href":"https:\/\/gajos.sk\/eshop\/wp-json\/wp\/v2\/types\/product"}],"wp:featuredmedia":[{"embeddable":true,"href":"https:\/\/gajos.sk\/eshop\/wp-json\/wp\/v2\/media\/351797"}],"wp:attachment":[{"href":"https:\/\/gajos.sk\/eshop\/wp-json\/wp\/v2\/media?parent=351795"}],"wp:term":[{"taxonomy":"product_brand","embeddable":true,"href":"https:\/\/gajos.sk\/eshop\/wp-json\/wp\/v2\/product_brand?post=351795"},{"taxonomy":"product_cat","embeddable":true,"href":"https:\/\/gajos.sk\/eshop\/wp-json\/wp\/v2\/product_cat?post=351795"},{"taxonomy":"product_tag","embeddable":true,"href":"https:\/\/gajos.sk\/eshop\/wp-json\/wp\/v2\/product_tag?post=351795"}],"curies":[{"name":"wp","href":"https:\/\/api.w.org\/{rel}","templated":true}]}}