{"id":351787,"date":"2024-03-01T23:11:12","date_gmt":"2024-03-01T22:11:12","guid":{"rendered":"https:\/\/gajostest.a2hosted.com\/eshop\/respipro-carbon-ffp2-25ks-respirator\/"},"modified":"2026-05-07T21:54:29","modified_gmt":"2026-05-07T19:54:29","slug":"respipro-carbon-ffp2-25ks-respirator","status":"publish","type":"product","link":"https:\/\/gajos.sk\/eshop\/p\/respipro-carbon-ffp2-25ks-respirator\/","title":{"rendered":"RespiPro Carbon FFP2 25ks respir\u00e1tor"},"content":{"rendered":"","protected":false},"excerpt":{"rendered":"<p>Antiv\u00edrusov\u00fd nano respir\u00e1tor FFP2 RespiPro Carbon zais\u0165uje v\u010faka nanovl\u00e1kennej membr\u00e1ne z\u00e1chyt v\u00edrusov, bakt\u00e9ri\u00ed, prachu, smogu, pe\u013eu a alerg\u00e9nov. Vrstva akt\u00edvneho uhlia &#8211; carbonu eliminuje pachy. Respir\u00e1tor m\u00e1 unik\u00e1tny anatomick\u00fd tvar, v\u010faka ktor\u00e9mu perfektne padne na tv\u00e1r a nedoch\u00e1dza tak k ne\u017eiad\u00facemu pods\u00e1vaniu vzduchu.<br \/>\nIde\u00e1lna vo\u013eba pre profesion\u00e1lov v povolaniach, ktor\u00e9 klad\u00fa d\u00f4raz na bezpe\u010dnos\u0165, ako s\u00fa zdravotn\u00edci, z\u00e1chran\u00e1ri, hasi\u010di, vojaci \u010di policajti.<br \/>\nPre lep\u0161ie prisp\u00f4sobenie vyu\u017eite plastov\u00fa sponu na zopnutie gumi\u010diek za hlavou, ktor\u00e1 je s\u00fa\u010das\u0165ou balenia.<br \/>\nDostupn\u00fd v dvoch ve\u013ekostiach (M, L) a dvoch baleniach (3 kusy, 25 kusov).<\/p>\n","protected":false},"featured_media":351789,"template":"","meta":{"_acf_changed":false,"inline_featured_image":false},"product_brand":[],"product_cat":[2146,2147,2148,2128],"product_tag":[1179],"class_list":{"0":"post-351787","1":"product","2":"type-product","3":"status-publish","4":"has-post-thumbnail","6":"product_cat-ochrana-dychacich-ciest","7":"product_cat-respiratory","8":"product_cat-ffp2","9":"product_cat-ochranne-pomocky","10":"product_tag-cerva","11":"pa_velkost-l","12":"pa_velkost-m","14":"first","15":"instock","16":"taxable","17":"shipping-taxable","18":"purchasable","19":"product-type-variable"},"acf":[],"_links":{"self":[{"href":"https:\/\/gajos.sk\/eshop\/wp-json\/wp\/v2\/product\/351787","targetHints":{"allow":["GET"]}}],"collection":[{"href":"https:\/\/gajos.sk\/eshop\/wp-json\/wp\/v2\/product"}],"about":[{"href":"https:\/\/gajos.sk\/eshop\/wp-json\/wp\/v2\/types\/product"}],"wp:featuredmedia":[{"embeddable":true,"href":"https:\/\/gajos.sk\/eshop\/wp-json\/wp\/v2\/media\/351789"}],"wp:attachment":[{"href":"https:\/\/gajos.sk\/eshop\/wp-json\/wp\/v2\/media?parent=351787"}],"wp:term":[{"taxonomy":"product_brand","embeddable":true,"href":"https:\/\/gajos.sk\/eshop\/wp-json\/wp\/v2\/product_brand?post=351787"},{"taxonomy":"product_cat","embeddable":true,"href":"https:\/\/gajos.sk\/eshop\/wp-json\/wp\/v2\/product_cat?post=351787"},{"taxonomy":"product_tag","embeddable":true,"href":"https:\/\/gajos.sk\/eshop\/wp-json\/wp\/v2\/product_tag?post=351787"}],"curies":[{"name":"wp","href":"https:\/\/api.w.org\/{rel}","templated":true}]}}