{"id":351299,"date":"2024-03-01T23:01:35","date_gmt":"2024-03-01T22:01:35","guid":{"rendered":"https:\/\/gajostest.a2hosted.com\/eshop\/birrong-ciapka-bezpecnostna\/"},"modified":"2026-04-16T23:00:47","modified_gmt":"2026-04-16T21:00:47","slug":"birrong-ciapka-bezpecnostna","status":"publish","type":"product","link":"https:\/\/gajos.sk\/eshop\/p\/birrong-ciapka-bezpecnostna\/","title":{"rendered":"BIRRONG \u010diapka bezpe\u010dnostn\u00e1"},"content":{"rendered":"","protected":false},"excerpt":{"rendered":"<p>Bavlnen\u00e1 \u010diapka s pevn\u00fdm \u0161iltom, plastovou vn\u00fatornou v\u00fdstuhou a nastavite\u013enou ve\u013ekos\u0165ou. Sp\u013a\u0148a normu EN 812.<\/p>\n","protected":false},"featured_media":351301,"template":"","meta":{"_acf_changed":false,"inline_featured_image":false},"product_brand":[],"product_cat":[2145,2144,2128],"product_tag":[1337],"class_list":{"0":"post-351299","1":"product","2":"type-product","3":"status-publish","4":"has-post-thumbnail","6":"product_cat-ciapka-s-plastovou-vnutornou-vystuhou","7":"product_cat-ochrana-hlavy","8":"product_cat-ochranne-pomocky","9":"product_tag-lasogard","10":"pa_farba-zelena","11":"pa_farba-cervena","12":"pa_farba-cierna","13":"pa_farba-sv-modra","14":"pa_farba-tm-modra","15":"pa_velkost-53-69cm","17":"first","18":"instock","19":"taxable","20":"shipping-taxable","21":"purchasable","22":"product-type-variable"},"acf":[],"_links":{"self":[{"href":"https:\/\/gajos.sk\/eshop\/wp-json\/wp\/v2\/product\/351299","targetHints":{"allow":["GET"]}}],"collection":[{"href":"https:\/\/gajos.sk\/eshop\/wp-json\/wp\/v2\/product"}],"about":[{"href":"https:\/\/gajos.sk\/eshop\/wp-json\/wp\/v2\/types\/product"}],"wp:featuredmedia":[{"embeddable":true,"href":"https:\/\/gajos.sk\/eshop\/wp-json\/wp\/v2\/media\/351301"}],"wp:attachment":[{"href":"https:\/\/gajos.sk\/eshop\/wp-json\/wp\/v2\/media?parent=351299"}],"wp:term":[{"taxonomy":"product_brand","embeddable":true,"href":"https:\/\/gajos.sk\/eshop\/wp-json\/wp\/v2\/product_brand?post=351299"},{"taxonomy":"product_cat","embeddable":true,"href":"https:\/\/gajos.sk\/eshop\/wp-json\/wp\/v2\/product_cat?post=351299"},{"taxonomy":"product_tag","embeddable":true,"href":"https:\/\/gajos.sk\/eshop\/wp-json\/wp\/v2\/product_tag?post=351299"}],"curies":[{"name":"wp","href":"https:\/\/api.w.org\/{rel}","templated":true}]}}