{"id":351274,"date":"2024-03-01T23:01:15","date_gmt":"2024-03-01T22:01:15","guid":{"rendered":"https:\/\/gajostest.a2hosted.com\/eshop\/curro-prilba-ventilovana\/"},"modified":"2026-04-11T17:51:44","modified_gmt":"2026-04-11T15:51:44","slug":"curro-prilba-ventilovana","status":"publish","type":"product","link":"https:\/\/gajos.sk\/eshop\/p\/curro-prilba-ventilovana\/","title":{"rendered":"CURRO prilba ventilovan\u00e1"},"content":{"rendered":"","protected":false},"excerpt":{"rendered":"<p>Helma Curro je speci\u00e1ln\u011b navr\u017eena pro pou\u017eit\u00ed p\u0159i pr\u00e1ci v nouzov\u00fdch situac\u00edch a st\u00edsn\u011bn\u00fdch prostor\u00e1ch d\u00edky absenci hled\u00ed a jeho podbradn\u00edmu p\u00e1sku do Y se 4 kotevn\u00edmi body. Pokr\u00fdv\u00e1 tak\u00e9 dal\u0161\u00ed oblasti, jako je pr\u016fmysl, stavebnictv\u00ed, ve\u0159ejn\u00e9 pr\u00e1ce, lesnictv\u00ed, lodn\u00ed doprava\u2026<\/p>\n<p>     Elektrick\u00e1 izolace \u2013 T\u0158\u00cdDA 0 \u2013 Zabra\u0148uje pr\u016fchodu proudu u\u017eivatelem vstupuj\u00edc\u00edho p\u0159es hlavu.<br \/>\n     MM \u2013 ochrana proti rozst\u0159iku roztaven\u00fdch kov\u016f.<br \/>\n     Nastaven\u00ed ozuben\u00e9ho kola.<br \/>\n     Textiln\u00ed postroj se 6 kotevn\u00edmi body, nastaviteln\u00fd ve dvou v\u00fd\u0161k\u00e1ch.<br \/>\n     Materi\u00e1l: ABS<\/p>\n<p>Dopl\u0148ky:<\/p>\n<p>     Vysok\u00e1 viditelnost \u2013 reflexn\u00ed p\u00e1sky<br \/>\n     Chr\u00e1ni\u010d sluchu 17-P<\/p>\n<p>EN 397:2012+A1:2012<br \/>\nEN 50365:2002<\/p>\n","protected":false},"featured_media":351276,"template":"","meta":{"_acf_changed":false,"inline_featured_image":false},"product_brand":[],"product_cat":[2156,2144,2128],"product_tag":[1179],"class_list":{"0":"post-351274","1":"product","2":"type-product","3":"status-publish","4":"has-post-thumbnail","6":"product_cat-priemyselne-prilby","7":"product_cat-ochrana-hlavy","8":"product_cat-ochranne-pomocky","9":"product_tag-cerva","10":"pa_farba-hv-zelena","11":"pa_farba-modra","12":"pa_farba-hv-oranzova","13":"pa_farba-hv-zlta","14":"pa_farba-cervena","15":"pa_farba-biela","16":"pa_velkost-54-62cm","18":"first","19":"instock","20":"taxable","21":"shipping-taxable","22":"purchasable","23":"product-type-variable"},"acf":[],"_links":{"self":[{"href":"https:\/\/gajos.sk\/eshop\/wp-json\/wp\/v2\/product\/351274","targetHints":{"allow":["GET"]}}],"collection":[{"href":"https:\/\/gajos.sk\/eshop\/wp-json\/wp\/v2\/product"}],"about":[{"href":"https:\/\/gajos.sk\/eshop\/wp-json\/wp\/v2\/types\/product"}],"wp:featuredmedia":[{"embeddable":true,"href":"https:\/\/gajos.sk\/eshop\/wp-json\/wp\/v2\/media\/351276"}],"wp:attachment":[{"href":"https:\/\/gajos.sk\/eshop\/wp-json\/wp\/v2\/media?parent=351274"}],"wp:term":[{"taxonomy":"product_brand","embeddable":true,"href":"https:\/\/gajos.sk\/eshop\/wp-json\/wp\/v2\/product_brand?post=351274"},{"taxonomy":"product_cat","embeddable":true,"href":"https:\/\/gajos.sk\/eshop\/wp-json\/wp\/v2\/product_cat?post=351274"},{"taxonomy":"product_tag","embeddable":true,"href":"https:\/\/gajos.sk\/eshop\/wp-json\/wp\/v2\/product_tag?post=351274"}],"curies":[{"name":"wp","href":"https:\/\/api.w.org\/{rel}","templated":true}]}}

CURRO prilba ventilovaná

<p>Helma Curro je speciálně navržena pro použití při práci v nouzových situacích a stísněných prostorách díky absenci hledí a jeho podbradnímu pásku do Y se 4 kotevními body. Pokrývá také další oblasti, jako je průmysl, stavebnictví, veřejné práce, lesnictví, lodní doprava…</p>
<p>     Elektrická izolace – TŘÍDA 0 – Zabraňuje průchodu proudu uživatelem vstupujícího přes hlavu.<br />
     MM – ochrana proti rozstřiku roztavených kovů.<br />
     Nastavení ozubeného kola.<br />
     Textilní postroj se 6 kotevními body, nastavitelný ve dvou výškách.<br />
     Materiál: ABS</p>
<p>Doplňky:</p>
<p>     Vysoká viditelnost – reflexní pásky<br />
     Chránič sluchu 17-P</p>
<p>EN 397:2012+A1:2012<br />
EN 50365:2002</p>
