{"id":350831,"date":"2024-03-01T22:51:44","date_gmt":"2024-03-01T21:51:44","guid":{"rendered":"https:\/\/gajostest.a2hosted.com\/eshop\/ruse-standardne-snurky-na-okuliare\/"},"modified":"2026-04-16T23:00:46","modified_gmt":"2026-04-16T21:00:46","slug":"ruse-standardne-snurky-na-okuliare","status":"publish","type":"product","link":"https:\/\/gajos.sk\/eshop\/p\/ruse-standardne-snurky-na-okuliare\/","title":{"rendered":"RUSE standardn\u00e9 \u0161n\u00farky na okuliare"},"content":{"rendered":"","protected":false},"excerpt":{"rendered":"<p>\u0160n\u00farky na okuliare. Jednoduch\u00e9 nasadenie pomocou s\u0165ahovac\u00edch o\u010diek.<\/p>\n","protected":false},"featured_media":350833,"template":"","meta":{"_acf_changed":false,"inline_featured_image":false},"product_brand":[],"product_cat":[2129,2516,2128],"product_tag":[1179],"class_list":{"0":"post-350831","1":"product","2":"type-product","3":"status-publish","4":"has-post-thumbnail","6":"product_cat-ochrana-oci","7":"product_cat-prislusenstvo-ochrana-oci","8":"product_cat-ochranne-pomocky","9":"product_tag-cerva","10":"pa_velkost-uni","12":"first","13":"instock","14":"taxable","15":"shipping-taxable","16":"purchasable","17":"product-type-variable"},"acf":[],"_links":{"self":[{"href":"https:\/\/gajos.sk\/eshop\/wp-json\/wp\/v2\/product\/350831","targetHints":{"allow":["GET"]}}],"collection":[{"href":"https:\/\/gajos.sk\/eshop\/wp-json\/wp\/v2\/product"}],"about":[{"href":"https:\/\/gajos.sk\/eshop\/wp-json\/wp\/v2\/types\/product"}],"wp:featuredmedia":[{"embeddable":true,"href":"https:\/\/gajos.sk\/eshop\/wp-json\/wp\/v2\/media\/350833"}],"wp:attachment":[{"href":"https:\/\/gajos.sk\/eshop\/wp-json\/wp\/v2\/media?parent=350831"}],"wp:term":[{"taxonomy":"product_brand","embeddable":true,"href":"https:\/\/gajos.sk\/eshop\/wp-json\/wp\/v2\/product_brand?post=350831"},{"taxonomy":"product_cat","embeddable":true,"href":"https:\/\/gajos.sk\/eshop\/wp-json\/wp\/v2\/product_cat?post=350831"},{"taxonomy":"product_tag","embeddable":true,"href":"https:\/\/gajos.sk\/eshop\/wp-json\/wp\/v2\/product_tag?post=350831"}],"curies":[{"name":"wp","href":"https:\/\/api.w.org\/{rel}","templated":true}]}}