{"id":350490,"date":"2024-03-01T22:45:26","date_gmt":"2024-03-01T21:45:26","guid":{"rendered":"https:\/\/gajostest.a2hosted.com\/eshop\/swiss-one-shelter-okuliare-asaf\/"},"modified":"2026-04-20T00:54:38","modified_gmt":"2026-04-19T22:54:38","slug":"swiss-one-shelter-okuliare-asaf","status":"publish","type":"product","link":"https:\/\/gajos.sk\/eshop\/p\/swiss-one-shelter-okuliare-asaf\/","title":{"rendered":"Swiss One SHELTER okuliare AS,AF"},"content":{"rendered":"","protected":false},"excerpt":{"rendered":"<p>Ochrann\u00e9 okuliare Shelter\u2122 sa pohodlne nosia v\u010faka svojmu \u013eahk\u00e9mu r\u00e1m\u010deku a ve\u013ek\u00e9mu \u0161irok\u00e9mu zorn\u00edku. Okuliare maj\u00fa nek\u013azav\u00e9 bo\u010dnice, ktor\u00e9 poskytuj\u00fa optim\u00e1lny komfort pri celodennom nosen\u00ed.<\/p>\n<p>\uf0a7 \u0160irok\u00fd zorn\u00edk<br \/>\n\uf0a7 Bo\u010dn\u00e9 krytie<br \/>\n\uf0a7 Hmotnos\u0165 26g<br \/>\n\uf0a7 Nek\u013azav\u00e9 strani\u010dky<\/p>\n","protected":false},"featured_media":350492,"template":"","meta":{"_acf_changed":false,"inline_featured_image":false},"product_brand":[],"product_cat":[2130,2129,2128],"product_tag":[1209],"class_list":{"0":"post-350490","1":"product","2":"type-product","3":"status-publish","4":"has-post-thumbnail","6":"product_cat-okuliare","7":"product_cat-ochrana-oci","8":"product_cat-ochranne-pomocky","9":"product_tag-jsp","10":"pa_farba-cira","11":"pa_velkost-zelena-cierna-ram","12":"pa_velkost-cerv-cierna-ram","14":"first","15":"instock","16":"taxable","17":"shipping-taxable","18":"purchasable","19":"product-type-variable"},"acf":[],"_links":{"self":[{"href":"https:\/\/gajos.sk\/eshop\/wp-json\/wp\/v2\/product\/350490","targetHints":{"allow":["GET"]}}],"collection":[{"href":"https:\/\/gajos.sk\/eshop\/wp-json\/wp\/v2\/product"}],"about":[{"href":"https:\/\/gajos.sk\/eshop\/wp-json\/wp\/v2\/types\/product"}],"wp:featuredmedia":[{"embeddable":true,"href":"https:\/\/gajos.sk\/eshop\/wp-json\/wp\/v2\/media\/350492"}],"wp:attachment":[{"href":"https:\/\/gajos.sk\/eshop\/wp-json\/wp\/v2\/media?parent=350490"}],"wp:term":[{"taxonomy":"product_brand","embeddable":true,"href":"https:\/\/gajos.sk\/eshop\/wp-json\/wp\/v2\/product_brand?post=350490"},{"taxonomy":"product_cat","embeddable":true,"href":"https:\/\/gajos.sk\/eshop\/wp-json\/wp\/v2\/product_cat?post=350490"},{"taxonomy":"product_tag","embeddable":true,"href":"https:\/\/gajos.sk\/eshop\/wp-json\/wp\/v2\/product_tag?post=350490"}],"curies":[{"name":"wp","href":"https:\/\/api.w.org\/{rel}","templated":true}]}}