{"id":350458,"date":"2024-03-01T22:45:04","date_gmt":"2024-03-01T21:45:04","guid":{"rendered":"https:\/\/gajostest.a2hosted.com\/eshop\/jsp-crackerjack-okuliare-asaf\/"},"modified":"2026-04-20T00:54:38","modified_gmt":"2026-04-19T22:54:38","slug":"jsp-crackerjack-okuliare-asaf","status":"publish","type":"product","link":"https:\/\/gajos.sk\/eshop\/p\/jsp-crackerjack-okuliare-asaf\/","title":{"rendered":"JSP CRACKERJACK okuliare AS,AF"},"content":{"rendered":"","protected":false},"excerpt":{"rendered":"<p>CRACKERJACK \u2122 s\u00fa \u0161t\u00fdlov\u00e9 ochrann\u00e9 okuliare so svetl\u00fdm priezorom a ochranou proti zahmlievaniu a po\u0161kriabaniu. Ploch\u00e9 boky poskytuj\u00fa pohodlie po dlh\u00fa dobu nosenia. V\u010faka svojmu dizajnu sa perfektne hod\u00ed v kombin\u00e1cii s ochranou hlavy a chr\u00e1ni\u010dmi sluchu.<\/p>\n<p>\uf0a7 Ultra tenk\u00e9<br \/>\n\uf0a7 Bo\u010dn\u00e9 krytie<br \/>\n\uf0a7 Hmotnos\u0165: 24g<br \/>\n\uf0a7 Ploch\u00e9, \u0161irok\u00e9 strany<\/p>\n","protected":false},"featured_media":350460,"template":"","meta":{"_acf_changed":false,"inline_featured_image":false},"product_brand":[],"product_cat":[2130,2129,2128],"product_tag":[1209],"class_list":{"0":"post-350458","1":"product","2":"type-product","3":"status-publish","4":"has-post-thumbnail","6":"product_cat-okuliare","7":"product_cat-ochrana-oci","8":"product_cat-ochranne-pomocky","9":"product_tag-jsp","10":"pa_farba-cira","12":"first","13":"instock","14":"taxable","15":"shipping-taxable","16":"purchasable","17":"product-type-variable"},"acf":[],"_links":{"self":[{"href":"https:\/\/gajos.sk\/eshop\/wp-json\/wp\/v2\/product\/350458","targetHints":{"allow":["GET"]}}],"collection":[{"href":"https:\/\/gajos.sk\/eshop\/wp-json\/wp\/v2\/product"}],"about":[{"href":"https:\/\/gajos.sk\/eshop\/wp-json\/wp\/v2\/types\/product"}],"wp:featuredmedia":[{"embeddable":true,"href":"https:\/\/gajos.sk\/eshop\/wp-json\/wp\/v2\/media\/350460"}],"wp:attachment":[{"href":"https:\/\/gajos.sk\/eshop\/wp-json\/wp\/v2\/media?parent=350458"}],"wp:term":[{"taxonomy":"product_brand","embeddable":true,"href":"https:\/\/gajos.sk\/eshop\/wp-json\/wp\/v2\/product_brand?post=350458"},{"taxonomy":"product_cat","embeddable":true,"href":"https:\/\/gajos.sk\/eshop\/wp-json\/wp\/v2\/product_cat?post=350458"},{"taxonomy":"product_tag","embeddable":true,"href":"https:\/\/gajos.sk\/eshop\/wp-json\/wp\/v2\/product_tag?post=350458"}],"curies":[{"name":"wp","href":"https:\/\/api.w.org\/{rel}","templated":true}]}}