{"id":350404,"date":"2024-03-01T22:43:31","date_gmt":"2024-03-01T21:43:31","guid":{"rendered":"https:\/\/gajostest.a2hosted.com\/eshop\/jsp-seez-okuliare-asafkn\/"},"modified":"2026-04-30T22:07:06","modified_gmt":"2026-04-30T20:07:06","slug":"jsp-seez-okuliare-asafkn","status":"publish","type":"product","link":"https:\/\/gajos.sk\/eshop\/p\/jsp-seez-okuliare-asafkn\/","title":{"rendered":"JSP SEEZ okuliare AS,AF,KN"},"content":{"rendered":"","protected":false},"excerpt":{"rendered":"<p>Okuliare Seez sa vyzna\u010duj\u00fa unik\u00e1tnymi postrann\u00fdmi no\u017ei\u010dkami Flexofit, ktor\u00e9 sa dokonale prisp\u00f4sobia ak\u00e9muko\u013evek tvaru hlavy. Maj\u00fa toti\u017e pam\u00e4\u0165ov\u00fd efekt a je mo\u017en\u00e9 upravi\u0165 ich d\u013a\u017eku aj uhol naklopenia. Hmotnos\u0165: 27 g.<\/p>\n","protected":false},"featured_media":350406,"template":"","meta":{"_acf_changed":false,"inline_featured_image":false},"product_brand":[],"product_cat":[2130,2129,2128],"product_tag":[1209],"class_list":{"0":"post-350404","1":"product","2":"type-product","3":"status-publish","4":"has-post-thumbnail","6":"product_cat-okuliare","7":"product_cat-ochrana-oci","8":"product_cat-ochranne-pomocky","9":"product_tag-jsp","10":"pa_farba-cira","12":"first","13":"instock","14":"taxable","15":"shipping-taxable","16":"purchasable","17":"product-type-variable"},"acf":[],"_links":{"self":[{"href":"https:\/\/gajos.sk\/eshop\/wp-json\/wp\/v2\/product\/350404","targetHints":{"allow":["GET"]}}],"collection":[{"href":"https:\/\/gajos.sk\/eshop\/wp-json\/wp\/v2\/product"}],"about":[{"href":"https:\/\/gajos.sk\/eshop\/wp-json\/wp\/v2\/types\/product"}],"wp:featuredmedia":[{"embeddable":true,"href":"https:\/\/gajos.sk\/eshop\/wp-json\/wp\/v2\/media\/350406"}],"wp:attachment":[{"href":"https:\/\/gajos.sk\/eshop\/wp-json\/wp\/v2\/media?parent=350404"}],"wp:term":[{"taxonomy":"product_brand","embeddable":true,"href":"https:\/\/gajos.sk\/eshop\/wp-json\/wp\/v2\/product_brand?post=350404"},{"taxonomy":"product_cat","embeddable":true,"href":"https:\/\/gajos.sk\/eshop\/wp-json\/wp\/v2\/product_cat?post=350404"},{"taxonomy":"product_tag","embeddable":true,"href":"https:\/\/gajos.sk\/eshop\/wp-json\/wp\/v2\/product_tag?post=350404"}],"curies":[{"name":"wp","href":"https:\/\/api.w.org\/{rel}","templated":true}]}}