{"id":350385,"date":"2024-03-01T22:43:22","date_gmt":"2024-03-01T21:43:22","guid":{"rendered":"https:\/\/gajostest.a2hosted.com\/eshop\/jsp-coverlite-asafkn-okular-cez-okular\/"},"modified":"2026-04-20T00:54:38","modified_gmt":"2026-04-19T22:54:38","slug":"jsp-coverlite-asafkn-okular-cez-okular","status":"publish","type":"product","link":"https:\/\/gajos.sk\/eshop\/p\/jsp-coverlite-asafkn-okular-cez-okular\/","title":{"rendered":"JSP COVERLITE AS,AF,KN okular.cez okular"},"content":{"rendered":"","protected":false},"excerpt":{"rendered":"<p>Okuliare Coverlite s\u00fa tie najpohodlnej\u0161ie okuliare z okuliarov, ktor\u00e9 si m\u00f4\u017eete k\u00fapi\u0165. V\u010faka unik\u00e1tnemu uchyteniu no\u017ei\u010diek je nesmierne komfortn\u00e9 nosi\u0165 ich na va\u0161ich s\u00fakromn\u00fdch korek\u010dn\u00fdch okuliaroch. S\u00fa to naj\u013eah\u0161ie okuliare na trhu. Hmotnos\u0165: 34 g.<\/p>\n","protected":false},"featured_media":350387,"template":"","meta":{"_acf_changed":false,"inline_featured_image":false},"product_brand":[],"product_cat":[2130,2129,2128],"product_tag":[1209],"class_list":{"0":"post-350385","1":"product","2":"type-product","3":"status-publish","4":"has-post-thumbnail","6":"product_cat-okuliare","7":"product_cat-ochrana-oci","8":"product_cat-ochranne-pomocky","9":"product_tag-jsp","10":"pa_farba-cira","11":"pa_farba-dymova","13":"first","14":"instock","15":"taxable","16":"shipping-taxable","17":"product-type-variable"},"acf":[],"_links":{"self":[{"href":"https:\/\/gajos.sk\/eshop\/wp-json\/wp\/v2\/product\/350385","targetHints":{"allow":["GET"]}}],"collection":[{"href":"https:\/\/gajos.sk\/eshop\/wp-json\/wp\/v2\/product"}],"about":[{"href":"https:\/\/gajos.sk\/eshop\/wp-json\/wp\/v2\/types\/product"}],"wp:featuredmedia":[{"embeddable":true,"href":"https:\/\/gajos.sk\/eshop\/wp-json\/wp\/v2\/media\/350387"}],"wp:attachment":[{"href":"https:\/\/gajos.sk\/eshop\/wp-json\/wp\/v2\/media?parent=350385"}],"wp:term":[{"taxonomy":"product_brand","embeddable":true,"href":"https:\/\/gajos.sk\/eshop\/wp-json\/wp\/v2\/product_brand?post=350385"},{"taxonomy":"product_cat","embeddable":true,"href":"https:\/\/gajos.sk\/eshop\/wp-json\/wp\/v2\/product_cat?post=350385"},{"taxonomy":"product_tag","embeddable":true,"href":"https:\/\/gajos.sk\/eshop\/wp-json\/wp\/v2\/product_tag?post=350385"}],"curies":[{"name":"wp","href":"https:\/\/api.w.org\/{rel}","templated":true}]}}