{"id":350320,"date":"2024-03-01T22:41:46","date_gmt":"2024-03-01T21:41:46","guid":{"rendered":"https:\/\/gajostest.a2hosted.com\/eshop\/panoramatico-is-okuliare\/"},"modified":"2026-05-07T21:52:29","modified_gmt":"2026-05-07T19:52:29","slug":"panoramatico-is-okuliare","status":"publish","type":"product","link":"https:\/\/gajos.sk\/eshop\/p\/panoramatico-is-okuliare\/","title":{"rendered":"PANORAMATICO IS okuliare"},"content":{"rendered":"","protected":false},"excerpt":{"rendered":"<p>Uzatvoren\u00e9 okuliare s nepriamym vetran\u00edm. \u0160irok\u00e9 zorn\u00e9 pole. V\u010faka perfektn\u00e9mu tvaru tesnenia z PVC ve\u013emi dobre pri\u013en\u00fa k tv\u00e1ri. Mo\u017eno ich pou\u017e\u00edva\u0165 s ostatn\u00fdmi OOPP &#8211; respir\u00e1tory, mu\u0161\u013eov\u00e9 chr\u00e1ni\u010de a in\u00e9. Hmotnos\u0165: 97 g EN166 BT<\/p>\n","protected":false},"featured_media":350322,"template":"","meta":{"_acf_changed":false,"inline_featured_image":false},"product_brand":[],"product_cat":[2130,2129,2128],"product_tag":[1179],"class_list":{"0":"post-350320","1":"product","2":"type-product","3":"status-publish","4":"has-post-thumbnail","6":"product_cat-okuliare","7":"product_cat-ochrana-oci","8":"product_cat-ochranne-pomocky","9":"product_tag-cerva","10":"pa_velkost-uni","12":"first","13":"instock","14":"taxable","15":"shipping-taxable","16":"purchasable","17":"product-type-variable"},"acf":[],"_links":{"self":[{"href":"https:\/\/gajos.sk\/eshop\/wp-json\/wp\/v2\/product\/350320","targetHints":{"allow":["GET"]}}],"collection":[{"href":"https:\/\/gajos.sk\/eshop\/wp-json\/wp\/v2\/product"}],"about":[{"href":"https:\/\/gajos.sk\/eshop\/wp-json\/wp\/v2\/types\/product"}],"wp:featuredmedia":[{"embeddable":true,"href":"https:\/\/gajos.sk\/eshop\/wp-json\/wp\/v2\/media\/350322"}],"wp:attachment":[{"href":"https:\/\/gajos.sk\/eshop\/wp-json\/wp\/v2\/media?parent=350320"}],"wp:term":[{"taxonomy":"product_brand","embeddable":true,"href":"https:\/\/gajos.sk\/eshop\/wp-json\/wp\/v2\/product_brand?post=350320"},{"taxonomy":"product_cat","embeddable":true,"href":"https:\/\/gajos.sk\/eshop\/wp-json\/wp\/v2\/product_cat?post=350320"},{"taxonomy":"product_tag","embeddable":true,"href":"https:\/\/gajos.sk\/eshop\/wp-json\/wp\/v2\/product_tag?post=350320"}],"curies":[{"name":"wp","href":"https:\/\/api.w.org\/{rel}","templated":true}]}}