{"id":350317,"date":"2024-03-01T22:41:46","date_gmt":"2024-03-01T21:41:46","guid":{"rendered":"https:\/\/gajostest.a2hosted.com\/eshop\/obterre-is-okuliareafhpop\/"},"modified":"2026-05-07T21:52:29","modified_gmt":"2026-05-07T19:52:29","slug":"obterre-is-okuliareafhpop","status":"publish","type":"product","link":"https:\/\/gajos.sk\/eshop\/p\/obterre-is-okuliareafhpop\/","title":{"rendered":"OBTERRE IS okuliare,AF,HP,OP"},"content":{"rendered":"","protected":false},"excerpt":{"rendered":"<p>Uzatvoren\u00e9 okuliare s nepriamym vetran\u00edm. Perfektn\u00e9 utesnenie zais\u0165uje ve\u013emi komfortn\u00e9 TPR tesnenie. Zorn\u00edky so \u0161peci\u00e1lnou hydrof\u00f3bnou a olejof\u00f3bnou \u00fapravou SUPER HYDRO. Mo\u017eno pou\u017e\u00edva\u0165 s ostatn\u00fdmi OOPP &#8211; respir\u00e1tory, mu\u0161\u013eov\u00e9 chr\u00e1ni\u010de a in\u00e9. Hmotnos\u0165: 57 g. EN166 1 BT<\/p>\n","protected":false},"featured_media":350319,"template":"","meta":{"_acf_changed":false,"inline_featured_image":false},"product_brand":[],"product_cat":[2130,2129,2128],"product_tag":[1179],"class_list":{"0":"post-350317","1":"product","2":"type-product","3":"status-publish","4":"has-post-thumbnail","6":"product_cat-okuliare","7":"product_cat-ochrana-oci","8":"product_cat-ochranne-pomocky","9":"product_tag-cerva","10":"pa_velkost-uni","12":"first","13":"instock","14":"taxable","15":"shipping-taxable","16":"purchasable","17":"product-type-variable"},"acf":[],"_links":{"self":[{"href":"https:\/\/gajos.sk\/eshop\/wp-json\/wp\/v2\/product\/350317","targetHints":{"allow":["GET"]}}],"collection":[{"href":"https:\/\/gajos.sk\/eshop\/wp-json\/wp\/v2\/product"}],"about":[{"href":"https:\/\/gajos.sk\/eshop\/wp-json\/wp\/v2\/types\/product"}],"wp:featuredmedia":[{"embeddable":true,"href":"https:\/\/gajos.sk\/eshop\/wp-json\/wp\/v2\/media\/350319"}],"wp:attachment":[{"href":"https:\/\/gajos.sk\/eshop\/wp-json\/wp\/v2\/media?parent=350317"}],"wp:term":[{"taxonomy":"product_brand","embeddable":true,"href":"https:\/\/gajos.sk\/eshop\/wp-json\/wp\/v2\/product_brand?post=350317"},{"taxonomy":"product_cat","embeddable":true,"href":"https:\/\/gajos.sk\/eshop\/wp-json\/wp\/v2\/product_cat?post=350317"},{"taxonomy":"product_tag","embeddable":true,"href":"https:\/\/gajos.sk\/eshop\/wp-json\/wp\/v2\/product_tag?post=350317"}],"curies":[{"name":"wp","href":"https:\/\/api.w.org\/{rel}","templated":true}]}}