{"id":350263,"date":"2024-03-01T22:41:17","date_gmt":"2024-03-01T21:41:17","guid":{"rendered":"https:\/\/gajostest.a2hosted.com\/eshop\/pilot-okular-pc-zornik-as-af\/"},"modified":"2026-04-11T17:51:40","modified_gmt":"2026-04-11T15:51:40","slug":"pilot-okular-pc-zornik-as-af","status":"publish","type":"product","link":"https:\/\/gajos.sk\/eshop\/p\/pilot-okular-pc-zornik-as-af\/","title":{"rendered":"PILOT okular.PC zorn\u00edk AS AF"},"content":{"rendered":"","protected":false},"excerpt":{"rendered":"<p>Uzavret\u00e9, ventilovan\u00e9 okuliare s d\u013a\u017ekovo nastavite\u013enou flexibilnou p\u00e1skou. Dvojit\u00fd zorn\u00edk, technol\u00f3gia povrstvenie PLATINUM a CSP (ESP+PLATINUM) zais\u0165uj\u00fa perfektn\u00fa ochranu vo\u010di po\u0161kriabaniu a proti zahmlievaniu. Vynikaj\u00face zorn\u00e9 pole. PP \/ TPR flexibiln\u00fd r\u00e1m. Hod\u00ed sa na dioptrick\u00e9 okuliare<\/p>\n","protected":false},"featured_media":350265,"template":"","meta":{"_acf_changed":false,"inline_featured_image":false},"product_brand":[],"product_cat":[2130,2129,2128],"product_tag":[1250],"class_list":{"0":"post-350263","1":"product","2":"type-product","3":"status-publish","4":"has-post-thumbnail","6":"product_cat-okuliare","7":"product_cat-ochrana-oci","8":"product_cat-ochranne-pomocky","9":"product_tag-bolle","11":"first","12":"instock","13":"taxable","14":"shipping-taxable","15":"product-type-variable"},"acf":[],"_links":{"self":[{"href":"https:\/\/gajos.sk\/eshop\/wp-json\/wp\/v2\/product\/350263","targetHints":{"allow":["GET"]}}],"collection":[{"href":"https:\/\/gajos.sk\/eshop\/wp-json\/wp\/v2\/product"}],"about":[{"href":"https:\/\/gajos.sk\/eshop\/wp-json\/wp\/v2\/types\/product"}],"wp:featuredmedia":[{"embeddable":true,"href":"https:\/\/gajos.sk\/eshop\/wp-json\/wp\/v2\/media\/350265"}],"wp:attachment":[{"href":"https:\/\/gajos.sk\/eshop\/wp-json\/wp\/v2\/media?parent=350263"}],"wp:term":[{"taxonomy":"product_brand","embeddable":true,"href":"https:\/\/gajos.sk\/eshop\/wp-json\/wp\/v2\/product_brand?post=350263"},{"taxonomy":"product_cat","embeddable":true,"href":"https:\/\/gajos.sk\/eshop\/wp-json\/wp\/v2\/product_cat?post=350263"},{"taxonomy":"product_tag","embeddable":true,"href":"https:\/\/gajos.sk\/eshop\/wp-json\/wp\/v2\/product_tag?post=350263"}],"curies":[{"name":"wp","href":"https:\/\/api.w.org\/{rel}","templated":true}]}}