{"id":350253,"date":"2024-03-01T22:41:09","date_gmt":"2024-03-01T21:41:09","guid":{"rendered":"https:\/\/gajostest.a2hosted.com\/eshop\/jsp-okular-stealth-hybrid-af-as\/"},"modified":"2026-04-20T00:54:38","modified_gmt":"2026-04-19T22:54:38","slug":"jsp-okular-stealth-hybrid-af-as","status":"publish","type":"product","link":"https:\/\/gajos.sk\/eshop\/p\/jsp-okular-stealth-hybrid-af-as\/","title":{"rendered":"JSP okular. STEALTH HYBRID AF, AS"},"content":{"rendered":"","protected":false},"excerpt":{"rendered":"<p>HYBRID Okuliare Stealth Hybrid poskytuj\u00fa ochranu o\u010diam ako vo forme \u0161tandardn\u00fdch ochrann\u00fdch okuliarov, tak vo forme \u010diasto\u010dne uzatvoren\u00fdch ochrann\u00fdch okuliarov. Po pripojen\u00ed no\u017ei\u010diek poskytuj\u00fa stupe\u0148 ochrany 1F, naopak pri pripojen\u00ed s p\u00e1skou poskytuj\u00fa stupe\u0148 ochrany 1B. Zorn\u00edky maj\u00fa UV ochranu a z\u00e1rove\u0148 v\u00e4\u010d\u0161iu ochranu vo\u010di prachov\u00fdm \u010dasticiam pri porovnan\u00ed so \u0161tandardn\u00fdmi ochrann\u00fdmi okuliarmi.<\/p>\n","protected":false},"featured_media":350255,"template":"","meta":{"_acf_changed":false,"inline_featured_image":false},"product_brand":[],"product_cat":[2130,2129,2128],"product_tag":[1209],"class_list":{"0":"post-350253","1":"product","2":"type-product","3":"status-publish","4":"has-post-thumbnail","6":"product_cat-okuliare","7":"product_cat-ochrana-oci","8":"product_cat-ochranne-pomocky","9":"product_tag-jsp","10":"pa_farba-cira","12":"first","13":"instock","14":"taxable","15":"shipping-taxable","16":"purchasable","17":"product-type-variable"},"acf":[],"_links":{"self":[{"href":"https:\/\/gajos.sk\/eshop\/wp-json\/wp\/v2\/product\/350253","targetHints":{"allow":["GET"]}}],"collection":[{"href":"https:\/\/gajos.sk\/eshop\/wp-json\/wp\/v2\/product"}],"about":[{"href":"https:\/\/gajos.sk\/eshop\/wp-json\/wp\/v2\/types\/product"}],"wp:featuredmedia":[{"embeddable":true,"href":"https:\/\/gajos.sk\/eshop\/wp-json\/wp\/v2\/media\/350255"}],"wp:attachment":[{"href":"https:\/\/gajos.sk\/eshop\/wp-json\/wp\/v2\/media?parent=350253"}],"wp:term":[{"taxonomy":"product_brand","embeddable":true,"href":"https:\/\/gajos.sk\/eshop\/wp-json\/wp\/v2\/product_brand?post=350253"},{"taxonomy":"product_cat","embeddable":true,"href":"https:\/\/gajos.sk\/eshop\/wp-json\/wp\/v2\/product_cat?post=350253"},{"taxonomy":"product_tag","embeddable":true,"href":"https:\/\/gajos.sk\/eshop\/wp-json\/wp\/v2\/product_tag?post=350253"}],"curies":[{"name":"wp","href":"https:\/\/api.w.org\/{rel}","templated":true}]}}