{"id":350162,"date":"2024-03-01T22:39:21","date_gmt":"2024-03-01T21:39:21","guid":{"rendered":"https:\/\/gajostest.a2hosted.com\/eshop\/jsp-okular-stealth-9000\/"},"modified":"2026-04-20T00:54:38","modified_gmt":"2026-04-19T22:54:38","slug":"jsp-okular-stealth-9000","status":"publish","type":"product","link":"https:\/\/gajos.sk\/eshop\/p\/jsp-okular-stealth-9000\/","title":{"rendered":"JSP okular. STEALTH 9000"},"content":{"rendered":"","protected":false},"excerpt":{"rendered":"<p>Ve\u013emi \u013eahk\u00e9 okuliare, hmotnos\u0165 len 25 g. Antistatick\u00fd polykarbon\u00e1tov\u00fd zorn\u00edk, ochrana pred 99,9% UV \u017eiaren\u00edm. M\u00e4kk\u00e9 gumov\u00e9 konce strann\u00edc so \u0161t\u00fdlov\u00fdm dizajnom nosov\u00e9ho sedielka zais\u0165uj\u00fa pohodln\u00e9 nosenie. Nosov\u00e9 sedielko integrovan\u00e9 do r\u00e1mu okuliarov netla\u010d\u00ed na nose. Ochrana proti po\u0161kriabaniu AS i zahmleniu AF.<\/p>\n","protected":false},"featured_media":350164,"template":"","meta":{"_acf_changed":false,"inline_featured_image":false},"product_brand":[],"product_cat":[2130,2129,2128],"product_tag":[1209],"class_list":{"0":"post-350162","1":"product","2":"type-product","3":"status-publish","4":"has-post-thumbnail","6":"product_cat-okuliare","7":"product_cat-ochrana-oci","8":"product_cat-ochranne-pomocky","9":"product_tag-jsp","10":"pa_farba-zlta","11":"pa_farba-siva","12":"pa_farba-cira","13":"pa_farba-dymova","15":"first","16":"instock","17":"taxable","18":"shipping-taxable","19":"purchasable","20":"product-type-variable"},"acf":[],"_links":{"self":[{"href":"https:\/\/gajos.sk\/eshop\/wp-json\/wp\/v2\/product\/350162","targetHints":{"allow":["GET"]}}],"collection":[{"href":"https:\/\/gajos.sk\/eshop\/wp-json\/wp\/v2\/product"}],"about":[{"href":"https:\/\/gajos.sk\/eshop\/wp-json\/wp\/v2\/types\/product"}],"wp:featuredmedia":[{"embeddable":true,"href":"https:\/\/gajos.sk\/eshop\/wp-json\/wp\/v2\/media\/350164"}],"wp:attachment":[{"href":"https:\/\/gajos.sk\/eshop\/wp-json\/wp\/v2\/media?parent=350162"}],"wp:term":[{"taxonomy":"product_brand","embeddable":true,"href":"https:\/\/gajos.sk\/eshop\/wp-json\/wp\/v2\/product_brand?post=350162"},{"taxonomy":"product_cat","embeddable":true,"href":"https:\/\/gajos.sk\/eshop\/wp-json\/wp\/v2\/product_cat?post=350162"},{"taxonomy":"product_tag","embeddable":true,"href":"https:\/\/gajos.sk\/eshop\/wp-json\/wp\/v2\/product_tag?post=350162"}],"curies":[{"name":"wp","href":"https:\/\/api.w.org\/{rel}","templated":true}]}}